Last updated on 2023-11-28 07:53:13 CET.
Flavor | Version | Tinstall | Tcheck | Ttotal | Status | Flags |
---|---|---|---|---|---|---|
r-devel-linux-x86_64-debian-clang | 0.1.0 | 3.63 | 58.61 | 62.24 | NOTE | |
r-devel-linux-x86_64-debian-gcc | 0.1.0 | 2.69 | 44.08 | 46.77 | NOTE | |
r-devel-linux-x86_64-fedora-clang | 0.1.0 | 76.40 | NOTE | |||
r-devel-linux-x86_64-fedora-gcc | 0.1.0 | 73.82 | NOTE | |||
r-devel-windows-x86_64 | 0.1.0 | 4.00 | 64.00 | 68.00 | NOTE | |
r-patched-linux-x86_64 | 0.1.0 | 2.46 | 55.98 | 58.44 | NOTE | |
r-release-linux-x86_64 | 0.1.0 | 2.75 | 54.88 | 57.63 | NOTE | |
r-release-macos-arm64 | 0.1.0 | 26.00 | NOTE | |||
r-release-macos-x86_64 | 0.1.0 | 43.00 | NOTE | |||
r-release-windows-x86_64 | 0.1.0 | 6.00 | 73.00 | 79.00 | NOTE | |
r-oldrel-macos-arm64 | 0.1.0 | 28.00 | NOTE | |||
r-oldrel-macos-x86_64 | 0.1.0 | 51.00 | NOTE | |||
r-oldrel-windows-x86_64 | 0.1.0 | 5.00 | 76.00 | 81.00 | NOTE |
Version: 0.1.0
Check: LazyData
Result: NOTE
'LazyData' is specified without a 'data' directory
Flavors: r-devel-linux-x86_64-debian-clang, r-devel-linux-x86_64-debian-gcc, r-devel-linux-x86_64-fedora-clang, r-devel-linux-x86_64-fedora-gcc, r-devel-windows-x86_64, r-patched-linux-x86_64, r-release-linux-x86_64, r-release-macos-arm64, r-release-macos-x86_64, r-release-windows-x86_64, r-oldrel-macos-arm64, r-oldrel-macos-x86_64, r-oldrel-windows-x86_64