Last updated on 2023-02-01 07:53:13 CET.
Flavor | Version | Tinstall | Tcheck | Ttotal | Status | Flags |
---|---|---|---|---|---|---|
r-devel-linux-x86_64-debian-clang | 0.96 | 106.68 | 172.20 | 278.88 | NOTE | |
r-devel-linux-x86_64-debian-gcc | 0.96 | 81.64 | 129.10 | 210.74 | NOTE | |
r-devel-linux-x86_64-fedora-clang | 0.96 | 366.58 | NOTE | |||
r-devel-linux-x86_64-fedora-gcc | 0.96 | 368.19 | NOTE | |||
r-devel-windows-x86_64 | 0.96 | 258.00 | 222.00 | 480.00 | NOTE | |
r-patched-linux-x86_64 | 0.96 | 83.72 | 164.58 | 248.30 | OK | |
r-release-linux-x86_64 | 0.96 | 82.83 | 160.72 | 243.55 | OK | |
r-release-macos-arm64 | 0.96 | 92.00 | OK | |||
r-release-macos-x86_64 | 0.96 | 120.00 | OK | |||
r-release-windows-x86_64 | 0.96 | 209.00 | 226.00 | 435.00 | OK | |
r-oldrel-macos-arm64 | 0.96 | 84.00 | OK | |||
r-oldrel-macos-x86_64 | 0.96 | 114.00 | OK | |||
r-oldrel-windows-ix86+x86_64 | 0.96 | 242.00 | 321.00 | 563.00 | OK |
Version: 0.96
Check: C++ specification
Result: NOTE
Specified C++11: please update to current default of C++17
Flavors: r-devel-linux-x86_64-debian-clang, r-devel-linux-x86_64-debian-gcc, r-devel-linux-x86_64-fedora-clang, r-devel-linux-x86_64-fedora-gcc, r-devel-windows-x86_64