CRAN Package Check Results for Package quanteda.textmodels

Last updated on 2023-02-04 08:01:24 CET.

Flavor Version Tinstall Tcheck Ttotal Status Flags
r-devel-linux-x86_64-debian-clang 0.9.5-1 136.74 263.87 400.61 NOTE
r-devel-linux-x86_64-debian-gcc 0.9.5-1 111.72 200.73 312.45 NOTE
r-devel-linux-x86_64-fedora-clang 0.9.5-1 528.85 NOTE
r-devel-linux-x86_64-fedora-gcc 0.9.5-1 576.59 NOTE
r-devel-windows-x86_64 0.9.5-1 374.00 339.00 713.00 NOTE
r-patched-linux-x86_64 0.9.5-1 119.86 260.50 380.36 OK
r-release-linux-x86_64 0.9.5-1 114.95 289.42 404.37 OK
r-release-macos-arm64 0.9.5-1 190.00 NOTE
r-release-macos-x86_64 0.9.5-1 256.00 NOTE
r-release-windows-x86_64 0.9.5-1 226.00 417.00 643.00 NOTE
r-oldrel-macos-arm64 0.9.5-1 185.00 NOTE
r-oldrel-macos-x86_64 0.9.5-1 238.00 NOTE
r-oldrel-windows-ix86+x86_64 0.9.5-1 311.00 315.00 626.00 WARN

Check Details

Version: 0.9.5-1
Check: C++ specification
Result: NOTE
     Specified C++11: please update to current default of C++17
Flavors: r-devel-linux-x86_64-debian-clang, r-devel-linux-x86_64-debian-gcc, r-devel-linux-x86_64-fedora-clang, r-devel-linux-x86_64-fedora-gcc, r-devel-windows-x86_64

Version: 0.9.5-1
Check: installed package size
Result: NOTE
     installed size is 5.0Mb
     sub-directories of 1Mb or more:
     data 3.9Mb
Flavors: r-devel-linux-x86_64-fedora-clang, r-devel-windows-x86_64, r-release-macos-arm64, r-release-macos-x86_64, r-release-windows-x86_64, r-oldrel-macos-arm64, r-oldrel-macos-x86_64, r-oldrel-windows-ix86+x86_64

Version: 0.9.5-1
Check: data for non-ASCII characters
Result: NOTE
     Note: found 35707 marked UTF-8 strings
Flavors: r-devel-linux-x86_64-fedora-clang, r-devel-linux-x86_64-fedora-gcc, r-release-macos-arm64, r-release-macos-x86_64, r-oldrel-macos-arm64, r-oldrel-macos-x86_64

Version: 0.9.5-1
Check: for unstated dependencies in ‘tests’
Result: WARN
    Warning: unable to access index for repository https://bioconductor.org/packages/3.14/bioc/src/contrib:
     cannot open URL 'https://bioconductor.org/packages/3.14/bioc/src/contrib/PACKAGES'
    Warning: unable to access index for repository https://bioconductor.org/packages/3.14/data/annotation/src/contrib:
     cannot open URL 'https://bioconductor.org/packages/3.14/data/annotation/src/contrib/PACKAGES'
    Warning: unable to access index for repository https://bioconductor.org/packages/3.14/data/experiment/src/contrib:
     cannot open URL 'https://bioconductor.org/packages/3.14/data/experiment/src/contrib/PACKAGES'
Flavor: r-oldrel-windows-ix86+x86_64

Version: 0.9.5-1
Check: re-building of vignette outputs
Result: WARN
    Error(s) in re-building vignettes:
    --- re-building 'textmodel_performance.Rmd' using rmarkdown
    Quitting from lines 32-39 (textmodel_performance.Rmd)
    Error: processing vignette 'textmodel_performance.Rmd' failed with diagnostics:
    cannot open the connection
    --- failed re-building 'textmodel_performance.Rmd'
    
    SUMMARY: processing the following file failed:
     'textmodel_performance.Rmd'
    
    Error: Vignette re-building failed.
    Execution halted
Flavor: r-oldrel-windows-ix86+x86_64