Last updated on 2023-01-29 08:57:10 CET.
Flavor | Version | Tinstall | Tcheck | Ttotal | Status | Flags |
---|---|---|---|---|---|---|
r-devel-linux-x86_64-debian-clang | 1.4.3 | 87.97 | 125.20 | 213.17 | NOTE | |
r-devel-linux-x86_64-debian-gcc | 1.4.3 | 75.78 | 89.45 | 165.23 | NOTE | |
r-devel-linux-x86_64-fedora-clang | 1.4.3 | 276.86 | NOTE | |||
r-devel-linux-x86_64-fedora-gcc | 1.4.3 | 281.27 | NOTE | |||
r-devel-windows-x86_64 | 1.4.3 | 107.00 | 184.00 | 291.00 | NOTE | |
r-patched-linux-x86_64 | 1.4.3 | 74.90 | 120.65 | 195.55 | NOTE | |
r-release-linux-x86_64 | 1.4.3 | 69.20 | 118.41 | 187.61 | NOTE | |
r-release-macos-arm64 | 1.4.3 | 69.00 | NOTE | |||
r-release-macos-x86_64 | 1.4.3 | 120.00 | NOTE | |||
r-release-windows-x86_64 | 1.4.3 | 88.00 | 175.00 | 263.00 | NOTE | |
r-oldrel-macos-arm64 | 1.4.3 | 77.00 | NOTE | |||
r-oldrel-macos-x86_64 | 1.4.3 | 98.00 | NOTE | |||
r-oldrel-windows-ix86+x86_64 | 1.4.3 | 202.00 | 273.00 | 475.00 | NOTE |
Version: 1.4.3
Check: LazyData
Result: NOTE
'LazyData' is specified without a 'data' directory
Flavors: r-devel-linux-x86_64-debian-clang, r-devel-linux-x86_64-debian-gcc, r-devel-linux-x86_64-fedora-clang, r-devel-linux-x86_64-fedora-gcc, r-devel-windows-x86_64, r-patched-linux-x86_64, r-release-linux-x86_64, r-release-macos-arm64, r-release-macos-x86_64, r-release-windows-x86_64, r-oldrel-macos-arm64, r-oldrel-macos-x86_64, r-oldrel-windows-ix86+x86_64
Version: 1.4.3
Check: installed package size
Result: NOTE
installed size is 16.7Mb
sub-directories of 1Mb or more:
libs 16.4Mb
Flavors: r-release-macos-arm64, r-release-macos-x86_64, r-oldrel-macos-arm64, r-oldrel-macos-x86_64