Last updated on 2023-01-28 08:00:43 CET.
Flavor | Version | Tinstall | Tcheck | Ttotal | Status | Flags |
---|---|---|---|---|---|---|
r-devel-linux-x86_64-debian-clang | 1.2.1 | 27.12 | 175.37 | 202.49 | OK | |
r-devel-linux-x86_64-debian-gcc | 1.2.1 | 20.19 | 127.38 | 147.57 | OK | |
r-devel-linux-x86_64-fedora-clang | 1.2.1 | 246.67 | OK | |||
r-devel-linux-x86_64-fedora-gcc | 1.2.1 | 244.73 | OK | |||
r-patched-linux-x86_64 | 1.2.1 | 29.21 | 165.16 | 194.37 | OK | |
r-release-linux-x86_64 | 1.2.1 | 17.51 | 166.28 | 183.79 | OK | |
r-release-macos-arm64 | 1.2.1 | 89.00 | NOTE | |||
r-release-macos-x86_64 | 1.2.1 | 146.00 | NOTE | |||
r-release-windows-x86_64 | 1.2.1 | 87.00 | 257.00 | 344.00 | NOTE | |
r-oldrel-macos-arm64 | 1.2.1 | 87.00 | NOTE | |||
r-oldrel-macos-x86_64 | 1.2.1 | 103.00 | NOTE | |||
r-oldrel-windows-ix86+x86_64 | 1.2.1 | 60.00 | 252.00 | 312.00 | NOTE |
Version: 1.2.1
Check: installed package size
Result: NOTE
installed size is 5.3Mb
sub-directories of 1Mb or more:
doc 4.4Mb
Flavors: r-release-macos-arm64, r-release-macos-x86_64, r-release-windows-x86_64, r-oldrel-macos-arm64, r-oldrel-macos-x86_64, r-oldrel-windows-ix86+x86_64