Last updated on 2023-10-02 07:56:36 CEST.
Flavor | Version | Tinstall | Tcheck | Ttotal | Status | Flags |
---|---|---|---|---|---|---|
r-devel-linux-x86_64-debian-clang | 1.2.2 | 26.95 | 173.72 | 200.67 | OK | |
r-devel-linux-x86_64-debian-gcc | 1.2.2 | 18.60 | 127.81 | 146.41 | OK | |
r-devel-linux-x86_64-fedora-clang | 1.2.2 | 252.69 | OK | |||
r-devel-linux-x86_64-fedora-gcc | 1.2.2 | 253.60 | OK | |||
r-devel-windows-x86_64 | 1.2.2 | 24.00 | 175.00 | 199.00 | NOTE | |
r-patched-linux-x86_64 | 1.2.2 | 30.44 | 162.40 | 192.84 | OK | |
r-release-linux-x86_64 | 1.2.2 | 19.02 | 167.37 | 186.39 | OK | |
r-release-macos-arm64 | 1.2.2 | 83.00 | NOTE | |||
r-release-macos-x86_64 | 1.2.2 | 122.00 | NOTE | |||
r-release-windows-x86_64 | 1.2.2 | 30.00 | 211.00 | 241.00 | NOTE | |
r-oldrel-macos-arm64 | 1.2.2 | 80.00 | NOTE | |||
r-oldrel-macos-x86_64 | 1.2.2 | 116.00 | NOTE | |||
r-oldrel-windows-x86_64 | 1.2.2 | 28.00 | 204.00 | 232.00 | NOTE |
Version: 1.2.2
Check: installed package size
Result: NOTE
installed size is 5.6Mb
sub-directories of 1Mb or more:
doc 4.4Mb
Flavors: r-devel-windows-x86_64, r-release-macos-arm64, r-release-macos-x86_64, r-release-windows-x86_64, r-oldrel-macos-arm64, r-oldrel-macos-x86_64, r-oldrel-windows-x86_64