Last updated on 2023-02-03 06:50:29 CET.
Flavor | Version | Tinstall | Tcheck | Ttotal | Status | Flags |
---|---|---|---|---|---|---|
r-devel-linux-x86_64-debian-clang | 0.2.3 | 5.59 | 52.08 | 57.67 | OK | |
r-devel-linux-x86_64-debian-gcc | 0.2.3 | 4.44 | 39.01 | 43.45 | OK | |
r-devel-linux-x86_64-fedora-clang | 0.2.3 | 76.24 | NOTE | |||
r-devel-linux-x86_64-fedora-gcc | 0.2.3 | 84.47 | NOTE | |||
r-devel-windows-x86_64 | 0.2.3 | 14.00 | 82.00 | 96.00 | OK | |
r-patched-linux-x86_64 | 0.2.3 | 4.46 | 51.15 | 55.61 | OK | |
r-release-linux-x86_64 | 0.2.3 | 5.40 | 50.36 | 55.76 | OK | |
r-release-macos-arm64 | 0.2.3 | 27.00 | NOTE | |||
r-release-macos-x86_64 | 0.2.3 | 49.00 | NOTE | |||
r-release-windows-x86_64 | 0.2.3 | 13.00 | 92.00 | 105.00 | OK | |
r-oldrel-macos-arm64 | 0.2.3 | 28.00 | NOTE | |||
r-oldrel-macos-x86_64 | 0.2.3 | 39.00 | NOTE | |||
r-oldrel-windows-ix86+x86_64 | 0.2.3 | 14.00 | 80.00 | 94.00 | OK |
Version: 0.2.3
Check: data for non-ASCII characters
Result: NOTE
Note: found 6 marked UTF-8 strings
Flavors: r-devel-linux-x86_64-fedora-clang, r-devel-linux-x86_64-fedora-gcc, r-release-macos-arm64, r-release-macos-x86_64, r-oldrel-macos-arm64, r-oldrel-macos-x86_64