Last updated on 2023-01-28 08:00:43 CET.
Flavor | Version | Tinstall | Tcheck | Ttotal | Status | Flags |
---|---|---|---|---|---|---|
r-devel-linux-x86_64-debian-clang | 0.25.4 | 37.65 | 551.73 | 589.38 | OK | |
r-devel-linux-x86_64-debian-gcc | 0.25.4 | 42.88 | 424.67 | 467.55 | NOTE | |
r-devel-linux-x86_64-fedora-clang | 0.25.4 | 701.84 | NOTE | |||
r-devel-linux-x86_64-fedora-gcc | 0.25.4 | 752.35 | NOTE | |||
r-patched-linux-x86_64 | 0.25.4 | 49.76 | 522.64 | 572.40 | OK | |
r-release-linux-x86_64 | 0.25.4 | 39.33 | 525.44 | 564.77 | OK | |
r-release-macos-arm64 | 0.25.4 | 294.00 | NOTE | |||
r-release-macos-x86_64 | 0.25.4 | 379.00 | NOTE | |||
r-release-windows-x86_64 | 0.25.4 | 100.00 | 654.00 | 754.00 | OK | |
r-oldrel-macos-arm64 | 0.25.4 | 262.00 | NOTE | |||
r-oldrel-macos-x86_64 | 0.25.4 | 357.00 | NOTE | |||
r-oldrel-windows-ix86+x86_64 | 0.25.4 | 218.00 | 1136.00 | 1354.00 | NOTE |
Version: 0.25.4
Check: C++ specification
Result: NOTE
Specified C++11: please update to current default of C++17
Flavors: r-devel-linux-x86_64-debian-gcc, r-devel-linux-x86_64-fedora-clang, r-devel-linux-x86_64-fedora-gcc
Version: 0.25.4
Check: installed package size
Result: NOTE
installed size is 12.4Mb
sub-directories of 1Mb or more:
doc 1.1Mb
libs 11.0Mb
Flavors: r-release-macos-arm64, r-release-macos-x86_64, r-oldrel-macos-arm64, r-oldrel-macos-x86_64, r-oldrel-windows-ix86+x86_64