Last updated on 2023-02-06 06:52:06 CET.
Flavor | Version | Tinstall | Tcheck | Ttotal | Status | Flags |
---|---|---|---|---|---|---|
r-devel-linux-x86_64-debian-clang | 1.1.0-0 | 36.57 | 29.44 | 66.01 | NOTE | |
r-devel-linux-x86_64-debian-gcc | 1.1.0-0 | 29.19 | 24.59 | 53.78 | NOTE | |
r-devel-linux-x86_64-fedora-clang | 1.1.0-0 | 95.53 | NOTE | |||
r-devel-linux-x86_64-fedora-gcc | 1.1.0-0 | 88.20 | NOTE | |||
r-devel-windows-x86_64 | 1.1.0-0 | 42.00 | 81.00 | 123.00 | NOTE | |
r-patched-linux-x86_64 | 1.1.0-0 | 30.05 | 30.96 | 61.01 | OK | |
r-release-linux-x86_64 | 1.1.0-0 | 34.75 | 31.13 | 65.88 | OK | |
r-release-macos-arm64 | 1.1.0-0 | 30.00 | NOTE | |||
r-release-macos-x86_64 | 1.1.0-0 | 37.00 | NOTE | |||
r-release-windows-x86_64 | 1.1.0-0 | 36.00 | 82.00 | 118.00 | OK | |
r-oldrel-macos-arm64 | 1.1.0-0 | 39.00 | NOTE | |||
r-oldrel-macos-x86_64 | 1.1.0-0 | 36.00 | NOTE | |||
r-oldrel-windows-ix86+x86_64 | 1.1.0-0 | 87.00 | 86.00 | 173.00 | OK |
Version: 1.1.0-0
Check: C++ specification
Result: NOTE
Specified C++11: please update to current default of C++17
Flavors: r-devel-linux-x86_64-debian-clang, r-devel-linux-x86_64-debian-gcc, r-devel-linux-x86_64-fedora-clang, r-devel-linux-x86_64-fedora-gcc, r-devel-windows-x86_64
Version: 1.1.0-0
Check: installed package size
Result: NOTE
installed size is 8.7Mb
sub-directories of 1Mb or more:
libs 8.5Mb
Flavors: r-release-macos-arm64, r-release-macos-x86_64, r-oldrel-macos-arm64, r-oldrel-macos-x86_64