CRAN Package Check Results for Package qlcal

Last updated on 2023-02-03 06:50:29 CET.

Flavor Version Tinstall Tcheck Ttotal Status Flags
r-devel-linux-x86_64-debian-clang 0.0.4 171.19 29.14 200.33 NOTE
r-devel-linux-x86_64-debian-gcc 0.0.4 135.46 23.24 158.70 NOTE
r-devel-linux-x86_64-fedora-clang 0.0.4 350.93 NOTE
r-devel-linux-x86_64-fedora-gcc 0.0.4 268.79 NOTE
r-patched-linux-x86_64 0.0.4 151.09 29.69 180.78 OK
r-release-linux-x86_64 0.0.4 147.62 29.40 177.02 OK
r-release-macos-arm64 0.0.4 61.00 NOTE
r-release-macos-x86_64 0.0.4 95.00 NOTE
r-release-windows-x86_64 0.0.4 180.00 91.00 271.00 OK
r-oldrel-macos-arm64 0.0.4 61.00 NOTE
r-oldrel-macos-x86_64 0.0.4 104.00 NOTE
r-oldrel-windows-ix86+x86_64 0.0.4 419.00 89.00 508.00 OK

Check Details

Version: 0.0.4
Check: C++ specification
Result: NOTE
     Specified C++14: please update to current default of C++17
Flavors: r-devel-linux-x86_64-debian-clang, r-devel-linux-x86_64-debian-gcc, r-devel-linux-x86_64-fedora-clang, r-devel-linux-x86_64-fedora-gcc

Version: 0.0.4
Check: installed package size
Result: NOTE
     installed size is 8.3Mb
     sub-directories of 1Mb or more:
     libs 8.1Mb
Flavors: r-release-macos-arm64, r-release-macos-x86_64, r-oldrel-macos-arm64, r-oldrel-macos-x86_64