Last updated on 2023-02-04 08:01:24 CET.
Flavor | Version | Tinstall | Tcheck | Ttotal | Status | Flags |
---|---|---|---|---|---|---|
r-devel-linux-x86_64-debian-clang | 0.1.0 | 3.28 | 34.03 | 37.31 | NOTE | |
r-devel-linux-x86_64-debian-gcc | 0.1.0 | 2.70 | 26.87 | 29.57 | NOTE | |
r-devel-linux-x86_64-fedora-clang | 0.1.0 | 49.97 | NOTE | |||
r-devel-linux-x86_64-fedora-gcc | 0.1.0 | 46.75 | NOTE | |||
r-devel-windows-x86_64 | 0.1.0 | 9.00 | 61.00 | 70.00 | NOTE | |
r-patched-linux-x86_64 | 0.1.0 | 3.37 | 35.63 | 39.00 | NOTE | |
r-release-linux-x86_64 | 0.1.0 | 3.00 | 34.59 | 37.59 | NOTE | |
r-release-macos-arm64 | 0.1.0 | 21.00 | NOTE | |||
r-release-macos-x86_64 | 0.1.0 | 33.00 | NOTE | |||
r-release-windows-x86_64 | 0.1.0 | 14.00 | 68.00 | 82.00 | NOTE | |
r-oldrel-macos-arm64 | 0.1.0 | 26.00 | NOTE | |||
r-oldrel-macos-x86_64 | 0.1.0 | 27.00 | NOTE | |||
r-oldrel-windows-ix86+x86_64 | 0.1.0 | 11.00 | 67.00 | 78.00 | NOTE |
Version: 0.1.0
Check: LazyData
Result: NOTE
'LazyData' is specified without a 'data' directory
Flavors: r-devel-linux-x86_64-debian-clang, r-devel-linux-x86_64-debian-gcc, r-devel-linux-x86_64-fedora-clang, r-devel-linux-x86_64-fedora-gcc, r-devel-windows-x86_64, r-patched-linux-x86_64, r-release-linux-x86_64, r-release-macos-arm64, r-release-macos-x86_64, r-release-windows-x86_64, r-oldrel-macos-arm64, r-oldrel-macos-x86_64, r-oldrel-windows-ix86+x86_64
Version: 0.1.0
Check: dependencies in R code
Result: NOTE
Namespaces in Imports field not imported from:
‘rmarkdown’ ‘stats’
All declared Imports should be used.
Flavors: r-devel-linux-x86_64-fedora-clang, r-devel-linux-x86_64-fedora-gcc, r-release-macos-arm64, r-release-macos-x86_64, r-oldrel-macos-arm64, r-oldrel-macos-x86_64