Last updated on 2023-02-05 07:57:32 CET.
Flavor | Version | Tinstall | Tcheck | Ttotal | Status | Flags |
---|---|---|---|---|---|---|
r-devel-linux-x86_64-debian-clang | 1.1.1 | 126.56 | 129.82 | 256.38 | NOTE | |
r-devel-linux-x86_64-debian-gcc | 1.1.1 | 93.14 | 93.36 | 186.50 | NOTE | |
r-devel-linux-x86_64-fedora-clang | 1.1.1 | 352.37 | NOTE | |||
r-devel-linux-x86_64-fedora-gcc | 1.1.1 | 310.46 | NOTE | |||
r-devel-windows-x86_64 | 1.1.1 | 107.00 | 179.00 | 286.00 | NOTE | |
r-patched-linux-x86_64 | 1.1.1 | 98.35 | 119.09 | 217.44 | OK | |
r-release-linux-x86_64 | 1.1.1 | 102.50 | 120.80 | 223.30 | OK | |
r-release-macos-arm64 | 1.1.1 | 75.00 | OK | |||
r-release-macos-x86_64 | 1.1.1 | 102.00 | OK | |||
r-release-windows-x86_64 | 1.1.1 | 108.00 | 181.00 | 289.00 | OK | |
r-oldrel-macos-arm64 | 1.1.1 | 64.00 | OK | |||
r-oldrel-macos-x86_64 | 1.1.1 | 96.00 | OK | |||
r-oldrel-windows-ix86+x86_64 | 1.1.1 | 263.00 | 190.00 | 453.00 | OK |
Version: 1.1.1
Check: C++ specification
Result: NOTE
Specified C++11: please update to current default of C++17
Flavors: r-devel-linux-x86_64-debian-clang, r-devel-linux-x86_64-debian-gcc, r-devel-linux-x86_64-fedora-clang, r-devel-linux-x86_64-fedora-gcc, r-devel-windows-x86_64