CRAN Package Check Results for Package qccrs

Last updated on 2023-01-27 07:50:41 CET.

Flavor Version Tinstall Tcheck Ttotal Status Flags
r-devel-linux-x86_64-debian-clang 0.1.0 4.98 46.70 51.68 NOTE
r-devel-linux-x86_64-debian-gcc 0.1.0 3.13 34.84 37.97 NOTE
r-devel-linux-x86_64-fedora-clang 0.1.0 65.83 NOTE
r-devel-linux-x86_64-fedora-gcc 0.1.0 60.91 NOTE
r-patched-linux-x86_64 0.1.0 3.79 45.25 49.04 NOTE
r-release-linux-x86_64 0.1.0 3.97 46.49 50.46 NOTE
r-release-macos-arm64 0.1.0 22.00 NOTE
r-release-macos-x86_64 0.1.0 40.00 NOTE
r-release-windows-x86_64 0.1.0 19.00 73.00 92.00 NOTE
r-oldrel-macos-arm64 0.1.0 29.00 NOTE
r-oldrel-macos-x86_64 0.1.0 32.00 NOTE
r-oldrel-windows-ix86+x86_64 0.1.0 13.00 71.00 84.00 NOTE

Check Details

Version: 0.1.0
Check: LazyData
Result: NOTE
     'LazyData' is specified without a 'data' directory
Flavors: r-devel-linux-x86_64-debian-clang, r-devel-linux-x86_64-debian-gcc, r-devel-linux-x86_64-fedora-clang, r-devel-linux-x86_64-fedora-gcc, r-patched-linux-x86_64, r-release-linux-x86_64, r-release-macos-arm64, r-release-macos-x86_64, r-release-windows-x86_64, r-oldrel-macos-arm64, r-oldrel-macos-x86_64, r-oldrel-windows-ix86+x86_64