Last updated on 2023-02-04 08:01:24 CET.
Flavor | Version | Tinstall | Tcheck | Ttotal | Status | Flags |
---|---|---|---|---|---|---|
r-devel-linux-x86_64-debian-clang | 0.1.8 | 21.34 | 37.31 | 58.65 | NOTE | |
r-devel-linux-x86_64-debian-gcc | 0.1.8 | 16.43 | 28.62 | 45.05 | NOTE | |
r-devel-linux-x86_64-fedora-clang | 0.1.8 | 83.64 | NOTE | |||
r-devel-linux-x86_64-fedora-gcc | 0.1.8 | 68.79 | NOTE | |||
r-devel-windows-x86_64 | 0.1.8 | 29.00 | 77.00 | 106.00 | NOTE | |
r-patched-linux-x86_64 | 0.1.8 | 15.58 | 36.72 | 52.30 | NOTE | |
r-release-linux-x86_64 | 0.1.8 | 13.28 | 36.60 | 49.88 | NOTE | |
r-release-macos-arm64 | 0.1.8 | 25.00 | NOTE | |||
r-release-macos-x86_64 | 0.1.8 | 33.00 | NOTE | |||
r-release-windows-x86_64 | 0.1.8 | 30.00 | 85.00 | 115.00 | NOTE | |
r-oldrel-macos-arm64 | 0.1.8 | 28.00 | NOTE | |||
r-oldrel-macos-x86_64 | 0.1.8 | 40.00 | NOTE | |||
r-oldrel-windows-ix86+x86_64 | 0.1.8 | 46.00 | 91.00 | 137.00 | NOTE |
Version: 0.1.8
Check: LazyData
Result: NOTE
'LazyData' is specified without a 'data' directory
Flavors: r-devel-linux-x86_64-debian-clang, r-devel-linux-x86_64-debian-gcc, r-devel-linux-x86_64-fedora-clang, r-devel-linux-x86_64-fedora-gcc, r-devel-windows-x86_64, r-patched-linux-x86_64, r-release-linux-x86_64, r-release-macos-arm64, r-release-macos-x86_64, r-release-windows-x86_64, r-oldrel-macos-arm64, r-oldrel-macos-x86_64, r-oldrel-windows-ix86+x86_64