CRAN Package Check Results for Package pwt

Last updated on 2025-01-23 09:49:25 CET.

Flavor Version Tinstall Tcheck Ttotal Status Flags
r-devel-linux-x86_64-debian-clang 7.1-1 8.16 19.61 27.77 OK
r-devel-linux-x86_64-debian-gcc 7.1-1 6.24 16.07 22.31 OK
r-devel-linux-x86_64-fedora-clang 7.1-1 43.56 OK
r-devel-linux-x86_64-fedora-gcc 7.1-1 42.34 OK
r-devel-windows-x86_64 7.1-1 8.00 44.00 52.00 OK
r-patched-linux-x86_64 7.1-1 8.49 19.10 27.59 OK
r-release-linux-x86_64 7.1-1 7.49 18.88 26.37 OK
r-release-macos-arm64 7.1-1 21.00 NOTE
r-release-macos-x86_64 7.1-1 28.00 NOTE
r-release-windows-x86_64 7.1-1 9.00 45.00 54.00 NOTE
r-oldrel-macos-arm64 7.1-1 21.00 NOTE
r-oldrel-macos-x86_64 7.1-1 31.00 NOTE
r-oldrel-windows-x86_64 7.1-1 10.00 43.00 53.00 NOTE

Check Details

Version: 7.1-1
Check: installed package size
Result: NOTE installed size is 7.3Mb sub-directories of 1Mb or more: data 7.2Mb Flavors: r-release-macos-arm64, r-release-macos-x86_64, r-release-windows-x86_64, r-oldrel-macos-arm64, r-oldrel-macos-x86_64, r-oldrel-windows-x86_64