CRAN Package Check Results for Package pushbar

Last updated on 2023-02-07 07:54:10 CET.

Flavor Version Tinstall Tcheck Ttotal Status Flags
r-devel-linux-x86_64-debian-clang 0.1.0 3.28 35.25 38.53 NOTE
r-devel-linux-x86_64-debian-gcc 0.1.0 3.13 27.67 30.80 NOTE
r-devel-linux-x86_64-fedora-clang 0.1.0 49.97 NOTE
r-devel-linux-x86_64-fedora-gcc 0.1.0 48.35 NOTE
r-devel-windows-x86_64 0.1.0 17.00 68.00 85.00 NOTE
r-patched-linux-x86_64 0.1.0 3.96 36.91 40.87 NOTE
r-release-linux-x86_64 0.1.0 4.00 36.46 40.46 NOTE
r-release-macos-arm64 0.1.0 19.00 NOTE
r-release-macos-x86_64 0.1.0 36.00 NOTE
r-release-windows-x86_64 0.1.0 14.00 76.00 90.00 NOTE
r-oldrel-macos-arm64 0.1.0 24.00 NOTE
r-oldrel-macos-x86_64 0.1.0 32.00 NOTE
r-oldrel-windows-ix86+x86_64 0.1.0 10.00 70.00 80.00 NOTE

Check Details

Version: 0.1.0
Check: LazyData
Result: NOTE
     'LazyData' is specified without a 'data' directory
Flavors: r-devel-linux-x86_64-debian-clang, r-devel-linux-x86_64-debian-gcc, r-devel-linux-x86_64-fedora-clang, r-devel-linux-x86_64-fedora-gcc, r-devel-windows-x86_64, r-patched-linux-x86_64, r-release-linux-x86_64, r-release-macos-arm64, r-release-macos-x86_64, r-release-windows-x86_64, r-oldrel-macos-arm64, r-oldrel-macos-x86_64, r-oldrel-windows-ix86+x86_64