CRAN Package Check Results for Package purge

Last updated on 2023-01-30 09:54:21 CET.

Flavor Version Tinstall Tcheck Ttotal Status Flags
r-devel-linux-x86_64-debian-clang 0.2.1 1.59 32.76 34.35 NOTE
r-devel-linux-x86_64-debian-gcc 0.2.1 1.73 25.41 27.14 NOTE
r-devel-linux-x86_64-fedora-clang 0.2.1 46.07 NOTE
r-devel-linux-x86_64-fedora-gcc 0.2.1 43.69 NOTE
r-devel-windows-x86_64 0.2.1 8.00 61.00 69.00 NOTE
r-patched-linux-x86_64 0.2.1 2.19 34.15 36.34 NOTE
r-release-linux-x86_64 0.2.1 2.05 34.05 36.10 NOTE
r-release-macos-arm64 0.2.1 20.00 NOTE
r-release-macos-x86_64 0.2.1 24.00 NOTE
r-release-windows-x86_64 0.2.1 12.00 62.00 74.00 NOTE
r-oldrel-macos-arm64 0.2.1 20.00 NOTE
r-oldrel-macos-x86_64 0.2.1 33.00 NOTE
r-oldrel-windows-ix86+x86_64 0.2.1 5.00 62.00 67.00 NOTE

Check Details

Version: 0.2.1
Check: LazyData
Result: NOTE
     'LazyData' is specified without a 'data' directory
Flavors: r-devel-linux-x86_64-debian-clang, r-devel-linux-x86_64-debian-gcc, r-devel-linux-x86_64-fedora-clang, r-devel-linux-x86_64-fedora-gcc, r-devel-windows-x86_64, r-patched-linux-x86_64, r-release-linux-x86_64, r-release-macos-arm64, r-release-macos-x86_64, r-release-windows-x86_64, r-oldrel-macos-arm64, r-oldrel-macos-x86_64, r-oldrel-windows-ix86+x86_64