CRAN Package Check Results for Package pubtatordb

Last updated on 2023-01-30 09:54:21 CET.

Flavor Version Tinstall Tcheck Ttotal Status Flags
r-devel-linux-x86_64-debian-clang 0.1.4 2.39 29.23 31.62 NOTE
r-devel-linux-x86_64-debian-gcc 0.1.4 2.07 22.20 24.27 NOTE
r-devel-linux-x86_64-fedora-clang 0.1.4 40.69 NOTE
r-devel-linux-x86_64-fedora-gcc 0.1.4 50.11 NOTE
r-devel-windows-x86_64 0.1.4 18.00 64.00 82.00 NOTE
r-patched-linux-x86_64 0.1.4 1.78 29.05 30.83 NOTE
r-release-linux-x86_64 0.1.4 2.46 29.81 32.27 NOTE
r-release-macos-arm64 0.1.4 19.00 NOTE
r-release-macos-x86_64 0.1.4 31.00 NOTE
r-release-windows-x86_64 0.1.4 21.00 66.00 87.00 NOTE
r-oldrel-macos-arm64 0.1.4 21.00 NOTE
r-oldrel-macos-x86_64 0.1.4 29.00 NOTE
r-oldrel-windows-ix86+x86_64 0.1.4 7.00 61.00 68.00 NOTE

Additional issues

donttest

Check Details

Version: 0.1.4
Check: LazyData
Result: NOTE
     'LazyData' is specified without a 'data' directory
Flavors: r-devel-linux-x86_64-debian-clang, r-devel-linux-x86_64-debian-gcc, r-devel-linux-x86_64-fedora-clang, r-devel-linux-x86_64-fedora-gcc, r-devel-windows-x86_64, r-patched-linux-x86_64, r-release-linux-x86_64, r-release-macos-arm64, r-release-macos-x86_64, r-release-windows-x86_64, r-oldrel-macos-arm64, r-oldrel-macos-x86_64, r-oldrel-windows-ix86+x86_64