Last updated on 2025-01-23 09:49:25 CET.
Flavor | Version | Tinstall | Tcheck | Ttotal | Status | Flags |
---|---|---|---|---|---|---|
r-devel-linux-x86_64-debian-clang | 0.7-4 | 14.66 | 125.68 | 140.34 | OK | |
r-devel-linux-x86_64-debian-gcc | 0.7-4 | 9.41 | 84.84 | 94.25 | NOTE | |
r-devel-linux-x86_64-fedora-clang | 0.7-4 | 229.58 | OK | |||
r-devel-linux-x86_64-fedora-gcc | 0.7-4 | 229.90 | OK | |||
r-devel-windows-x86_64 | 0.7-4 | 17.00 | 192.00 | 209.00 | OK | |
r-patched-linux-x86_64 | 0.7-4 | 14.40 | 121.00 | 135.40 | OK | |
r-release-linux-x86_64 | 0.7-4 | 14.16 | 120.35 | 134.51 | OK | |
r-release-macos-arm64 | 0.7-4 | 92.00 | OK | |||
r-release-macos-x86_64 | 0.7-4 | 113.00 | OK | |||
r-release-windows-x86_64 | 0.7-4 | 20.00 | 173.00 | 193.00 | OK | |
r-oldrel-macos-arm64 | 0.7-4 | 88.00 | OK | |||
r-oldrel-macos-x86_64 | 0.7-4 | 235.00 | OK | |||
r-oldrel-windows-x86_64 | 0.7-4 | 18.00 | 189.00 | 207.00 | OK |
Version: 0.7-4
Check: for unstated dependencies in ‘demo’
Result: NOTE
'::' or ':::' imports not declared from:
‘colorspace’ ‘psychomix’
'library' or 'require' calls not declared from:
‘car’ ‘lmtest’ ‘psychomix’ ‘psychotree’ ‘strucchange’
Flavor: r-devel-linux-x86_64-debian-gcc