CRAN Package Check Results for Package psdr

Last updated on 2024-06-21 07:55:02 CEST.

Flavor Version Tinstall Tcheck Ttotal Status Flags
r-devel-linux-x86_64-debian-clang 1.0.1 3.26 73.53 76.79 OK
r-devel-linux-x86_64-debian-gcc 1.0.1 2.52 52.82 55.34 OK
r-devel-linux-x86_64-fedora-clang 1.0.1 94.49 NOTE
r-devel-linux-x86_64-fedora-gcc 1.0.1 105.53 NOTE
r-devel-windows-x86_64 1.0.1 4.00 73.00 77.00 OK
r-patched-linux-x86_64 1.0.1 2.52 68.40 70.92 OK
r-release-linux-x86_64 1.0.1 2.16 66.57 68.73 OK
r-release-macos-arm64 1.0.1 37.00 OK
r-release-macos-x86_64 1.0.1 117.00 OK
r-release-windows-x86_64 1.0.1 4.00 75.00 79.00 OK
r-oldrel-macos-arm64 1.0.1 40.00 OK
r-oldrel-macos-x86_64 1.0.1 63.00 OK
r-oldrel-windows-x86_64 1.0.1 6.00 83.00 89.00 OK

Check Details

Version: 1.0.1
Check: dependencies in R code
Result: NOTE Namespaces in Imports field not imported from: ‘devtools’ ‘qpdf’ All declared Imports should be used. Flavors: r-devel-linux-x86_64-fedora-clang, r-devel-linux-x86_64-fedora-gcc