Last updated on 2023-06-10 08:00:30 CEST.
Flavor | Version | Tinstall | Tcheck | Ttotal | Status | Flags |
---|---|---|---|---|---|---|
r-devel-linux-x86_64-debian-clang | 1.0.1 | 3.23 | 70.57 | 73.80 | OK | |
r-devel-linux-x86_64-debian-gcc | 1.0.1 | 2.36 | 51.76 | 54.12 | OK | |
r-devel-linux-x86_64-fedora-clang | 1.0.1 | 90.90 | NOTE | |||
r-devel-linux-x86_64-fedora-gcc | 1.0.1 | 101.54 | NOTE | |||
r-devel-windows-x86_64 | 1.0.1 | 5.00 | 74.00 | 79.00 | OK | |
r-patched-linux-x86_64 | 1.0.1 | 3.86 | 67.17 | 71.03 | OK | |
r-release-linux-x86_64 | 1.0.1 | 2.89 | 65.58 | 68.47 | OK | |
r-release-macos-arm64 | 1.0.1 | 40.00 | OK | |||
r-release-macos-x86_64 | 1.0.1 | 63.00 | OK | |||
r-release-windows-x86_64 | 1.0.1 | 5.00 | 85.00 | 90.00 | OK | |
r-oldrel-macos-arm64 | 1.0.1 | 49.00 | NOTE | |||
r-oldrel-macos-x86_64 | 1.0.1 | 89.00 | NOTE | |||
r-oldrel-windows-x86_64 | 1.0.1 | 5.00 | 83.00 | 88.00 | OK |
Version: 1.0.1
Check: dependencies in R code
Result: NOTE
Namespaces in Imports field not imported from:
‘devtools’ ‘qpdf’
All declared Imports should be used.
Flavors: r-devel-linux-x86_64-fedora-clang, r-devel-linux-x86_64-fedora-gcc, r-oldrel-macos-arm64, r-oldrel-macos-x86_64