CRAN Package Check Results for Package psdr

Last updated on 2023-12-03 08:50:18 CET.

Flavor Version Tinstall Tcheck Ttotal Status Flags
r-devel-linux-x86_64-debian-clang 1.0.1 2.85 69.59 72.44 OK
r-devel-linux-x86_64-debian-gcc 1.0.1 2.53 50.34 52.87 OK
r-devel-linux-x86_64-fedora-clang 1.0.1 91.31 NOTE
r-devel-linux-x86_64-fedora-gcc 1.0.1 97.53 NOTE
r-devel-windows-x86_64 1.0.1 4.00 73.00 77.00 OK
r-patched-linux-x86_64 1.0.1 2.53 65.32 67.85 OK
r-release-linux-x86_64 1.0.1 1.96 66.61 68.57 OK
r-release-macos-arm64 1.0.1 40.00 OK
r-release-macos-x86_64 1.0.1 63.00 OK
r-release-windows-x86_64 1.0.1 6.00 84.00 90.00 OK
r-oldrel-macos-arm64 1.0.1 49.00 NOTE
r-oldrel-macos-x86_64 1.0.1 89.00 NOTE
r-oldrel-windows-x86_64 1.0.1 6.00 84.00 90.00 OK

Check Details

Version: 1.0.1
Check: dependencies in R code
Result: NOTE Namespaces in Imports field not imported from: ‘devtools’ ‘qpdf’ All declared Imports should be used. Flavors: r-devel-linux-x86_64-fedora-clang, r-devel-linux-x86_64-fedora-gcc, r-oldrel-macos-arm64, r-oldrel-macos-x86_64