Last updated on 2023-02-03 06:50:29 CET.
Flavor | Version | Tinstall | Tcheck | Ttotal | Status | Flags |
---|---|---|---|---|---|---|
r-devel-linux-x86_64-debian-clang | 2.1.1 | 43.58 | 103.69 | 147.27 | OK | |
r-devel-linux-x86_64-debian-gcc | 2.1.1 | 37.16 | 80.20 | 117.36 | OK | |
r-devel-linux-x86_64-fedora-clang | 2.1.1 | 208.97 | OK | |||
r-devel-linux-x86_64-fedora-gcc | 2.1.1 | 210.92 | OK | |||
r-devel-windows-x86_64 | 2.1.1 | 76.00 | 189.00 | 265.00 | OK | |
r-patched-linux-x86_64 | 2.1.1 | 41.47 | 97.88 | 139.35 | OK | |
r-release-linux-x86_64 | 2.1.1 | 35.38 | 96.93 | 132.31 | OK | |
r-release-macos-arm64 | 2.1.1 | 65.00 | NOTE | |||
r-release-macos-x86_64 | 2.1.1 | 81.00 | NOTE | |||
r-release-windows-x86_64 | 2.1.1 | 68.00 | 180.00 | 248.00 | OK | |
r-oldrel-macos-arm64 | 2.1.1 | 56.00 | NOTE | |||
r-oldrel-macos-x86_64 | 2.1.1 | 87.00 | NOTE | |||
r-oldrel-windows-ix86+x86_64 | 2.1.1 | 112.00 | 412.00 | 524.00 | OK |
Version: 2.1.1
Check: installed package size
Result: NOTE
installed size is 5.2Mb
sub-directories of 1Mb or more:
doc 1.5Mb
libs 3.0Mb
Flavors: r-release-macos-arm64, r-release-macos-x86_64, r-oldrel-macos-arm64, r-oldrel-macos-x86_64