Last updated on 2023-02-08 07:54:39 CET.
Flavor | Version | Tinstall | Tcheck | Ttotal | Status | Flags |
---|---|---|---|---|---|---|
r-devel-linux-x86_64-debian-clang | 1.5.5 | 14.68 | 113.47 | 128.15 | WARN | |
r-devel-linux-x86_64-debian-gcc | 1.5.5 | 9.85 | 83.18 | 93.03 | WARN | |
r-devel-linux-x86_64-fedora-clang | 1.5.5 | 166.56 | WARN | |||
r-devel-linux-x86_64-fedora-gcc | 1.5.5 | 166.63 | WARN | |||
r-devel-windows-x86_64 | 1.5.5 | 79.00 | 190.00 | 269.00 | OK | |
r-patched-linux-x86_64 | 1.5.5 | 17.36 | 106.66 | 124.02 | OK | |
r-release-linux-x86_64 | 1.5.5 | 11.59 | 104.93 | 116.52 | OK | |
r-release-macos-arm64 | 1.5.5 | 53.00 | NOTE | |||
r-release-macos-x86_64 | 1.5.5 | 71.00 | OK | |||
r-release-windows-x86_64 | 1.5.5 | 76.00 | 194.00 | 270.00 | OK | |
r-oldrel-macos-arm64 | 1.5.5 | 58.00 | OK | |||
r-oldrel-macos-x86_64 | 1.5.5 | 75.00 | OK | |||
r-oldrel-windows-ix86+x86_64 | 1.5.5 | 37.00 | 200.00 | 237.00 | OK |
Version: 1.5.5
Check: whether package can be installed
Result: WARN
Found the following significant warnings:
util.c:6:19: warning: a function declaration without a prototype is deprecated in all versions of C [-Wstrict-prototypes]
See ‘/home/hornik/tmp/R.check/r-devel-clang/Work/PKGS/pscl.Rcheck/00install.out’ for details.
* used C compiler: ‘Debian clang version 15.0.6’
Flavor: r-devel-linux-x86_64-debian-clang
Version: 1.5.5
Check: whether package can be installed
Result: WARN
Found the following significant warnings:
util.c:6:6: warning: function declaration isn’t a prototype [-Wstrict-prototypes]
See ‘/home/hornik/tmp/R.check/r-devel-gcc/Work/PKGS/pscl.Rcheck/00install.out’ for details.
* used C compiler: ‘gcc-12 (Debian 12.2.0-14) 12.2.0’
Flavor: r-devel-linux-x86_64-debian-gcc
Version: 1.5.5
Check: whether package can be installed
Result: WARN
Found the following significant warnings:
util.c:6:19: warning: a function declaration without a prototype is deprecated in all versions of C [-Wstrict-prototypes]
See ‘/data/gannet/ripley/R/packages/tests-clang/pscl.Rcheck/00install.out’ for details.
* used C compiler: ‘clang version 15.0.7’
Flavor: r-devel-linux-x86_64-fedora-clang
Version: 1.5.5
Check: whether package can be installed
Result: WARN
Found the following significant warnings:
util.c:6:6: warning: function declaration isn’t a prototype [-Wstrict-prototypes]
See ‘/data/gannet/ripley/R/packages/tests-devel/pscl.Rcheck/00install.out’ for details.
* used C compiler: ‘gcc (GCC) 12.2.1 20221121 (Red Hat 12.2.1-4)’
Flavor: r-devel-linux-x86_64-fedora-gcc
Version: 1.5.5
Check: package dependencies
Result: NOTE
Package suggested but not available for checking: ‘zoo’
Flavor: r-release-macos-arm64