Last updated on 2023-03-30 06:53:24 CEST.
Flavor | Version | Tinstall | Tcheck | Ttotal | Status | Flags |
---|---|---|---|---|---|---|
r-devel-linux-x86_64-debian-clang | 0.1.1 | 50.22 | 452.53 | 502.75 | OK | |
r-devel-linux-x86_64-debian-gcc | 0.1.1 | 40.93 | 332.17 | 373.10 | OK | |
r-devel-linux-x86_64-fedora-clang | 0.1.1 | 694.35 | OK | |||
r-devel-linux-x86_64-fedora-gcc | 0.1.1 | 651.78 | OK | |||
r-devel-windows-x86_64 | 0.1.1 | 261.00 | 0.00 | 261.00 | OK | |
r-patched-linux-x86_64 | 0.1.1 | 53.33 | 422.74 | 476.07 | OK | |
r-release-linux-x86_64 | 0.1.1 | 35.63 | 422.11 | 457.74 | OK | |
r-release-macos-arm64 | 0.1.1 | 169.00 | OK | |||
r-release-macos-x86_64 | 0.1.1 | 250.00 | OK | |||
r-release-windows-x86_64 | 0.1.1 | 272.00 | 515.00 | 787.00 | OK | |
r-oldrel-macos-arm64 | 0.1.1 | 248.00 | NOTE | |||
r-oldrel-macos-x86_64 | 0.1.1 | 309.00 | OK | |||
r-oldrel-windows-ix86+x86_64 | 0.1.1 | 109.00 | 700.00 | 809.00 | OK |
Version: 0.1.1
Check: installed package size
Result: NOTE
installed size is 5.1Mb
sub-directories of 1Mb or more:
data 4.6Mb
Flavor: r-oldrel-macos-arm64