Last updated on 2023-02-05 07:57:32 CET.
Flavor | Version | Tinstall | Tcheck | Ttotal | Status | Flags |
---|---|---|---|---|---|---|
r-devel-linux-x86_64-debian-clang | 1.6-2 | 24.47 | 118.05 | 142.52 | OK | |
r-devel-linux-x86_64-debian-gcc | 1.6-2 | 17.05 | 86.30 | 103.35 | OK | |
r-devel-linux-x86_64-fedora-clang | 1.6-2 | 168.40 | OK | |||
r-devel-linux-x86_64-fedora-gcc | 1.6-2 | 161.06 | OK | |||
r-devel-windows-x86_64 | 1.6-2 | 69.00 | 156.00 | 225.00 | OK | |
r-patched-linux-x86_64 | 1.6-2 | 22.10 | 113.04 | 135.14 | OK | |
r-release-linux-x86_64 | 1.6-2 | 21.14 | 108.26 | 129.40 | OK | |
r-release-macos-arm64 | 1.6-2 | 52.00 | NOTE | |||
r-release-macos-x86_64 | 1.6-2 | 66.00 | OK | |||
r-release-windows-x86_64 | 1.6-2 | 70.00 | 151.00 | 221.00 | OK | |
r-oldrel-macos-arm64 | 1.6-2 | 61.00 | NOTE | |||
r-oldrel-macos-x86_64 | 1.6-2 | 94.00 | NOTE | |||
r-oldrel-windows-ix86+x86_64 | 1.6-2 | 30.00 | 136.00 | 166.00 | OK |
Version: 1.6-2
Check: package dependencies
Result: NOTE
Packages suggested but not available for checking:
'Biostrings', 'GOSemSim', 'org.Hs.eg.db'
Flavor: r-release-macos-arm64
Version: 1.6-2
Check: package dependencies
Result: NOTE
Packages suggested but not available for checking:
'GOSemSim', 'org.Hs.eg.db'
Flavor: r-oldrel-macos-arm64
Version: 1.6-2
Check: package dependencies
Result: NOTE
Package suggested but not available for checking: ‘org.Hs.eg.db’
Flavor: r-oldrel-macos-x86_64