CRAN Package Check Results for Package prototest

Last updated on 2023-02-04 08:01:24 CET.

Flavor Version Tinstall Tcheck Ttotal Status Flags
r-devel-linux-x86_64-debian-clang 1.2 97.23 107.24 204.47 OK
r-devel-linux-x86_64-debian-gcc 1.2 67.65 78.31 145.96 OK
r-devel-linux-x86_64-fedora-clang 1.2 262.33 NOTE
r-devel-linux-x86_64-fedora-gcc 1.2 236.39 NOTE
r-devel-windows-x86_64 1.2 75.00 145.00 220.00 OK
r-patched-linux-x86_64 1.2 69.91 100.67 170.58 OK
r-release-linux-x86_64 1.2 70.44 99.71 170.15 OK
r-release-macos-arm64 1.2 59.00 OK
r-release-macos-x86_64 1.2 84.00 OK
r-release-windows-x86_64 1.2 83.00 158.00 241.00 OK
r-oldrel-macos-arm64 1.2 69.00 OK
r-oldrel-macos-x86_64 1.2 121.00 OK
r-oldrel-windows-ix86+x86_64 1.2 195.00 193.00 388.00 OK

Check Details

Version: 1.2
Check: compiled code
Result: NOTE
    File ‘prototest/libs/prototest.so’:
     Found no calls to: ‘R_registerRoutines’, ‘R_useDynamicSymbols’
    
    It is good practice to register native routines and to disable symbol
    search.
    
    See ‘Writing portable packages’ in the ‘Writing R Extensions’ manual.
Flavors: r-devel-linux-x86_64-fedora-clang, r-devel-linux-x86_64-fedora-gcc