Last updated on 2023-02-06 06:52:05 CET.
Flavor | Version | Tinstall | Tcheck | Ttotal | Status | Flags |
---|---|---|---|---|---|---|
r-devel-linux-x86_64-debian-clang | 1.0.0 | 5.24 | 76.83 | 82.07 | OK | |
r-devel-linux-x86_64-debian-gcc | 1.0.0 | 4.46 | 55.36 | 59.82 | OK | |
r-devel-linux-x86_64-fedora-clang | 1.0.0 | 102.49 | NOTE | |||
r-devel-linux-x86_64-fedora-gcc | 1.0.0 | 95.71 | NOTE | |||
r-devel-windows-x86_64 | 1.0.0 | 14.00 | 102.00 | 116.00 | OK | |
r-patched-linux-x86_64 | 1.0.0 | 5.61 | 73.54 | 79.15 | OK | |
r-release-linux-x86_64 | 1.0.0 | 4.80 | 72.58 | 77.38 | OK | |
r-release-macos-arm64 | 1.0.0 | 28.00 | NOTE | |||
r-release-macos-x86_64 | 1.0.0 | 54.00 | NOTE | |||
r-release-windows-x86_64 | 1.0.0 | 13.00 | 111.00 | 124.00 | OK | |
r-oldrel-macos-arm64 | 1.0.0 | 33.00 | NOTE | |||
r-oldrel-macos-x86_64 | 1.0.0 | 47.00 | NOTE | |||
r-oldrel-windows-ix86+x86_64 | 1.0.0 | 14.00 | 106.00 | 120.00 | OK |
Version: 1.0.0
Check: dependencies in R code
Result: NOTE
Namespaces in Imports field not imported from:
‘RColorBrewer’ ‘grDevices’
All declared Imports should be used.
Flavors: r-devel-linux-x86_64-fedora-clang, r-devel-linux-x86_64-fedora-gcc, r-release-macos-arm64, r-release-macos-x86_64, r-oldrel-macos-arm64, r-oldrel-macos-x86_64