CRAN Package Check Results for Package promor

Last updated on 2024-02-21 07:52:37 CET.

Flavor Version Tinstall Tcheck Ttotal Status Flags
r-devel-linux-x86_64-debian-clang 0.2.1 NOTE
r-devel-linux-x86_64-debian-gcc 0.2.1 19.02 195.11 214.13 NOTE
r-devel-linux-x86_64-fedora-clang 0.2.1 355.72 OK
r-devel-linux-x86_64-fedora-gcc 0.2.1 354.25 OK
r-devel-windows-x86_64 0.2.1 22.00 208.00 230.00 OK
r-patched-linux-x86_64 0.2.1 26.59 253.52 280.11 OK
r-release-linux-x86_64 0.2.1 22.99 253.18 276.17 OK
r-release-macos-arm64 0.2.1 99.00 OK
r-release-macos-x86_64 0.2.1 168.00 OK
r-release-windows-x86_64 0.2.1 30.00 255.00 285.00 OK
r-oldrel-macos-arm64 0.2.1 100.00 OK
r-oldrel-windows-x86_64 0.2.1 31.00 241.00 272.00 OK

Check Details

Version: 0.2.1
Check: Rd files
Result: NOTE checkRd: (-1) impute_plot.Rd:32: Lost braces; missing escapes or markup? 32 | \item{global}{Logical. If \code{TRUE} ({default}), a global density plot is | ^ Flavors: r-devel-linux-x86_64-debian-clang, r-devel-linux-x86_64-debian-gcc