CRAN Package Check Results for Package proj4

Last updated on 2024-03-02 06:52:05 CET.

Flavor Version Tinstall Tcheck Ttotal Status Flags
r-devel-linux-x86_64-debian-clang 1.0-14 5.90 22.57 28.47 OK
r-devel-linux-x86_64-debian-gcc 1.0-14 4.13 17.77 21.90 OK
r-devel-linux-x86_64-fedora-clang 1.0-14 36.61 OK
r-devel-linux-x86_64-fedora-gcc 1.0-14 35.55 OK
r-devel-windows-x86_64 1.0-14 20.00 155.00 175.00 NOTE
r-patched-linux-x86_64 1.0-14 4.45 22.69 27.14 OK
r-release-linux-x86_64 1.0-14 5.64 22.83 28.47 OK
r-release-macos-arm64 1.0-14 27.00 NOTE
r-release-macos-x86_64 1.0-14 48.00 NOTE
r-release-windows-x86_64 1.0-14 23.00 169.00 192.00 NOTE
r-oldrel-macos-arm64 1.0-14 26.00 NOTE
r-oldrel-windows-x86_64 1.0-14 11.00 128.00 139.00 NOTE

Check Details

Version: 1.0-14
Check: installed package size
Result: NOTE installed size is 15.0Mb sub-directories of 1Mb or more: libs 15.0Mb Flavors: r-devel-windows-x86_64, r-release-macos-arm64, r-release-macos-x86_64, r-release-windows-x86_64, r-oldrel-macos-arm64, r-oldrel-windows-x86_64