Last updated on 2023-09-26 08:04:21 CEST.
Flavor | Version | Tinstall | Tcheck | Ttotal | Status | Flags |
---|---|---|---|---|---|---|
r-devel-linux-x86_64-debian-clang | 1.0-13 | 6.48 | 22.80 | 29.28 | OK | |
r-devel-linux-x86_64-debian-gcc | 1.0-13 | 3.63 | 17.76 | 21.39 | OK | |
r-devel-linux-x86_64-fedora-clang | 1.0-13 | 36.95 | OK | |||
r-devel-linux-x86_64-fedora-gcc | 1.0-13 | 35.78 | OK | |||
r-devel-windows-x86_64 | 1.0-13 | 18.00 | 161.00 | 179.00 | NOTE | |
r-patched-linux-x86_64 | 1.0-13 | 4.86 | 22.42 | 27.28 | OK | |
r-release-linux-x86_64 | 1.0-13 | 5.12 | 22.53 | 27.65 | OK | |
r-release-macos-arm64 | 1.0-13 | 25.00 | NOTE | |||
r-release-macos-x86_64 | 1.0-13 | 43.00 | NOTE | |||
r-release-windows-x86_64 | 1.0-13 | 23.00 | 167.00 | 190.00 | NOTE | |
r-oldrel-macos-arm64 | 1.0-13 | 27.00 | NOTE | |||
r-oldrel-macos-x86_64 | 1.0-13 | 42.00 | NOTE | |||
r-oldrel-windows-x86_64 | 1.0-13 | 11.00 | 127.00 | 138.00 | NOTE |
Version: 1.0-13
Check: installed package size
Result: NOTE
installed size is 14.3Mb
sub-directories of 1Mb or more:
libs 14.2Mb
Flavors: r-devel-windows-x86_64, r-release-macos-arm64, r-release-macos-x86_64, r-release-windows-x86_64, r-oldrel-macos-arm64, r-oldrel-macos-x86_64, r-oldrel-windows-x86_64