CRAN Package Check Results for Package progress

Last updated on 2022-12-04 07:55:17 CET.

Flavor Version Tinstall Tcheck Ttotal Status Flags
r-devel-linux-x86_64-debian-clang 1.2.2 3.28 35.73 39.01 NOTE
r-devel-linux-x86_64-debian-gcc 1.2.2 3.67 27.51 31.18 NOTE
r-devel-linux-x86_64-fedora-clang 1.2.2 60.27 NOTE
r-devel-linux-x86_64-fedora-gcc 1.2.2 57.90 NOTE
r-devel-windows-x86_64 1.2.2 19.00 71.00 90.00 NOTE
r-patched-linux-x86_64 1.2.2 4.65 34.04 38.69 NOTE
r-release-linux-x86_64 1.2.2 3.76 34.18 37.94 NOTE
r-release-macos-arm64 1.2.2 19.00 NOTE
r-release-macos-x86_64 1.2.2 26.00 NOTE
r-release-windows-x86_64 1.2.2 15.00 75.00 90.00 NOTE
r-oldrel-macos-arm64 1.2.2 22.00 NOTE
r-oldrel-macos-x86_64 1.2.2 31.00 NOTE
r-oldrel-windows-ix86+x86_64 1.2.2 9.00 68.00 77.00 WARN

Check Details

Version: 1.2.2
Check: LazyData
Result: NOTE
     'LazyData' is specified without a 'data' directory
Flavors: r-devel-linux-x86_64-debian-clang, r-devel-linux-x86_64-debian-gcc, r-devel-linux-x86_64-fedora-clang, r-devel-linux-x86_64-fedora-gcc, r-devel-windows-x86_64, r-patched-linux-x86_64, r-release-linux-x86_64, r-release-macos-arm64, r-release-macos-x86_64, r-release-windows-x86_64, r-oldrel-macos-arm64, r-oldrel-macos-x86_64, r-oldrel-windows-ix86+x86_64

Version: 1.2.2
Check: for unstated dependencies in ‘tests’
Result: WARN
    Warning: unable to access index for repository https://bioconductor.org/packages/3.14/bioc/src/contrib:
     cannot open URL 'https://bioconductor.org/packages/3.14/bioc/src/contrib/PACKAGES'
    Warning: unable to access index for repository https://bioconductor.org/packages/3.14/data/annotation/src/contrib:
     cannot open URL 'https://bioconductor.org/packages/3.14/data/annotation/src/contrib/PACKAGES'
    Warning: unable to access index for repository https://bioconductor.org/packages/3.14/data/experiment/src/contrib:
     cannot open URL 'https://bioconductor.org/packages/3.14/data/experiment/src/contrib/PACKAGES'
Flavor: r-oldrel-windows-ix86+x86_64