CRAN Package Check Results for Package prewas

Last updated on 2022-11-26 07:32:07 CET.

Flavor Version Tinstall Tcheck Ttotal Status Flags
r-devel-linux-x86_64-debian-clang 1.1.1 3.55 125.43 128.98 OK
r-devel-linux-x86_64-debian-gcc 1.1.1 2.82 90.91 93.73 OK
r-devel-linux-x86_64-fedora-clang 1.1.1 164.01 NOTE
r-devel-linux-x86_64-fedora-gcc 1.1.1 163.99 NOTE
r-devel-windows-x86_64 1.1.1 20.00 145.00 165.00 OK
r-patched-linux-x86_64 1.1.1 OK
r-release-linux-x86_64 1.1.1 3.45 120.68 124.13 OK
r-release-macos-arm64 1.1.1 37.00 NOTE
r-release-macos-x86_64 1.1.1 72.00 NOTE
r-release-windows-x86_64 1.1.1 26.00 143.00 169.00 OK
r-oldrel-macos-arm64 1.1.1 44.00 NOTE
r-oldrel-macos-x86_64 1.1.1 62.00 NOTE
r-oldrel-windows-ix86+x86_64 1.1.1 8.00 140.00 148.00 OK

Check Details

Version: 1.1.1
Check: dependencies in R code
Result: NOTE
    Namespace in Imports field not imported from: ‘stats’
     All declared Imports should be used.
Flavors: r-devel-linux-x86_64-fedora-clang, r-devel-linux-x86_64-fedora-gcc, r-release-macos-arm64, r-release-macos-x86_64, r-oldrel-macos-arm64, r-oldrel-macos-x86_64