Last updated on 2023-02-05 07:57:31 CET.
Flavor | Version | Tinstall | Tcheck | Ttotal | Status | Flags |
---|---|---|---|---|---|---|
r-devel-linux-x86_64-debian-clang | 0.12.0 | 5.00 | 85.29 | 90.29 | NOTE | |
r-devel-linux-x86_64-debian-gcc | 0.12.0 | 3.99 | 61.64 | 65.63 | NOTE | |
r-devel-linux-x86_64-fedora-clang | 0.12.0 | 114.28 | NOTE | |||
r-devel-linux-x86_64-fedora-gcc | 0.12.0 | 119.54 | NOTE | |||
r-devel-windows-x86_64 | 0.12.0 | 38.00 | 126.00 | 164.00 | NOTE | |
r-patched-linux-x86_64 | 0.12.0 | 5.74 | 81.51 | 87.25 | NOTE | |
r-release-linux-x86_64 | 0.12.0 | 5.21 | 84.02 | 89.23 | NOTE | |
r-release-macos-arm64 | 0.12.0 | 38.00 | NOTE | |||
r-release-macos-x86_64 | 0.12.0 | 68.00 | NOTE | |||
r-release-windows-x86_64 | 0.12.0 | 24.00 | 128.00 | 152.00 | NOTE | |
r-oldrel-macos-arm64 | 0.12.0 | 43.00 | NOTE | |||
r-oldrel-macos-x86_64 | 0.12.0 | 78.00 | NOTE | |||
r-oldrel-windows-ix86+x86_64 | 0.12.0 | 13.00 | 110.00 | 123.00 | NOTE |
Version: 0.12.0
Check: LazyData
Result: NOTE
'LazyData' is specified without a 'data' directory
Flavors: r-devel-linux-x86_64-debian-clang, r-devel-linux-x86_64-debian-gcc, r-devel-linux-x86_64-fedora-clang, r-devel-linux-x86_64-fedora-gcc, r-devel-windows-x86_64, r-patched-linux-x86_64, r-release-linux-x86_64, r-release-macos-arm64, r-release-macos-x86_64, r-release-windows-x86_64, r-oldrel-macos-arm64, r-oldrel-macos-x86_64, r-oldrel-windows-ix86+x86_64