CRAN Package Check Results for Package prettyunits

Last updated on 2022-11-28 06:50:19 CET.

Flavor Version Tinstall Tcheck Ttotal Status Flags
r-devel-linux-x86_64-debian-clang 1.1.1 1.82 25.90 27.72 NOTE
r-devel-linux-x86_64-debian-gcc 1.1.1 1.21 20.28 21.49 NOTE
r-devel-linux-x86_64-fedora-clang 1.1.1 45.66 NOTE
r-devel-linux-x86_64-fedora-gcc 1.1.1 44.07 NOTE
r-devel-windows-x86_64 1.1.1 39.00 59.00 98.00 NOTE
r-patched-linux-x86_64 1.1.1 1.98 25.06 27.04 NOTE
r-release-linux-x86_64 1.1.1 1.94 25.15 27.09 NOTE
r-release-macos-arm64 1.1.1 16.00 NOTE
r-release-macos-x86_64 1.1.1 25.00 NOTE
r-release-windows-x86_64 1.1.1 16.00 60.00 76.00 NOTE
r-oldrel-macos-arm64 1.1.1 22.00 NOTE
r-oldrel-macos-x86_64 1.1.1 30.00 NOTE
r-oldrel-windows-ix86+x86_64 1.1.1 6.00 50.00 56.00 NOTE

Check Details

Version: 1.1.1
Check: LazyData
Result: NOTE
     'LazyData' is specified without a 'data' directory
Flavors: r-devel-linux-x86_64-debian-clang, r-devel-linux-x86_64-debian-gcc, r-devel-linux-x86_64-fedora-clang, r-devel-linux-x86_64-fedora-gcc, r-devel-windows-x86_64, r-patched-linux-x86_64, r-release-linux-x86_64, r-release-macos-arm64, r-release-macos-x86_64, r-release-windows-x86_64, r-oldrel-macos-arm64, r-oldrel-macos-x86_64, r-oldrel-windows-ix86+x86_64