Last updated on 2023-06-10 08:00:30 CEST.
Flavor | Version | Tinstall | Tcheck | Ttotal | Status | Flags |
---|---|---|---|---|---|---|
r-devel-linux-x86_64-debian-clang | 0.2.9 | 5.49 | 101.86 | 107.35 | OK | |
r-devel-linux-x86_64-debian-gcc | 0.2.9 | 3.73 | 78.50 | 82.23 | OK | |
r-devel-linux-x86_64-fedora-clang | 0.2.9 | 134.00 | NOTE | |||
r-devel-linux-x86_64-fedora-gcc | 0.2.9 | 137.90 | NOTE | |||
r-devel-windows-x86_64 | 0.2.9 | 6.00 | 125.00 | 131.00 | OK | |
r-patched-linux-x86_64 | 0.2.9 | 6.69 | 98.45 | 105.14 | OK | |
r-release-linux-x86_64 | 0.2.9 | 3.55 | 96.89 | 100.44 | OK | |
r-release-macos-arm64 | 0.2.9 | 100.00 | OK | |||
r-release-macos-x86_64 | 0.2.8 | 108.00 | OK | |||
r-release-windows-x86_64 | 0.2.9 | 8.00 | 136.00 | 144.00 | OK | |
r-oldrel-macos-arm64 | 0.2.9 | 71.00 | OK | |||
r-oldrel-macos-x86_64 | 0.2.9 | 82.00 | OK | |||
r-oldrel-windows-x86_64 | 0.2.9 | 8.00 | 133.00 | 141.00 | OK |
Version: 0.2.9
Check: data for non-ASCII characters
Result: NOTE
Note: found 96 marked UTF-8 strings
Flavors: r-devel-linux-x86_64-fedora-clang, r-devel-linux-x86_64-fedora-gcc