Last updated on 2023-02-04 08:01:24 CET.
Flavor | Version | Tinstall | Tcheck | Ttotal | Status | Flags |
---|---|---|---|---|---|---|
r-devel-linux-x86_64-debian-clang | 0.2.5 | 4.51 | 92.86 | 97.37 | OK | |
r-devel-linux-x86_64-debian-gcc | 0.2.5 | 3.81 | 71.40 | 75.21 | OK | |
r-devel-linux-x86_64-fedora-clang | 0.2.5 | 121.71 | NOTE | |||
r-devel-linux-x86_64-fedora-gcc | 0.2.5 | 137.12 | NOTE | |||
r-devel-windows-x86_64 | 0.2.5 | 65.00 | 168.00 | 233.00 | OK | |
r-patched-linux-x86_64 | 0.2.5 | 6.31 | 88.19 | 94.50 | OK | |
r-release-linux-x86_64 | 0.2.5 | 3.59 | 74.43 | 78.02 | OK | |
r-release-macos-arm64 | 0.2.5 | 56.00 | NOTE | |||
r-release-macos-x86_64 | 0.2.5 | 69.00 | NOTE | |||
r-release-windows-x86_64 | 0.2.5 | 87.00 | 181.00 | 268.00 | OK | |
r-oldrel-macos-arm64 | 0.2.5 | 64.00 | NOTE | |||
r-oldrel-macos-x86_64 | 0.2.5 | 81.00 | NOTE | |||
r-oldrel-windows-ix86+x86_64 | 0.2.5 | 9.00 | 147.00 | 156.00 | OK |
Version: 0.2.5
Check: data for non-ASCII characters
Result: NOTE
Note: found 71 marked UTF-8 strings
Flavors: r-devel-linux-x86_64-fedora-clang, r-devel-linux-x86_64-fedora-gcc, r-release-macos-arm64, r-release-macos-x86_64, r-oldrel-macos-arm64, r-oldrel-macos-x86_64