Last updated on 2023-06-10 08:00:30 CEST.
Flavor | Version | Tinstall | Tcheck | Ttotal | Status | Flags |
---|---|---|---|---|---|---|
r-devel-linux-x86_64-debian-clang | 0.3.2 | 4.41 | 237.99 | 242.40 | OK | |
r-devel-linux-x86_64-debian-gcc | 0.3.2 | 3.58 | 182.47 | 186.05 | OK | |
r-devel-linux-x86_64-fedora-clang | 0.3.2 | 311.38 | OK | |||
r-devel-linux-x86_64-fedora-gcc | 0.3.2 | 330.36 | OK | |||
r-devel-windows-x86_64 | 0.3.2 | 29.00 | 639.00 | 668.00 | OK | |
r-patched-linux-x86_64 | 0.3.2 | 4.47 | 224.95 | 229.42 | OK | |
r-release-linux-x86_64 | 0.3.2 | 4.29 | 227.34 | 231.63 | OK | |
r-release-macos-arm64 | 0.3.2 | 119.00 | OK | |||
r-release-macos-x86_64 | 0.3.2 | 197.00 | OK | |||
r-release-windows-x86_64 | 0.3.2 | 19.00 | 443.00 | 462.00 | OK | |
r-oldrel-macos-arm64 | 0.3.2 | 113.00 | NOTE | |||
r-oldrel-macos-x86_64 | 0.3.2 | 145.00 | NOTE | |||
r-oldrel-windows-x86_64 | 0.3.2 | 20.00 | 443.00 | 463.00 | OK |
Version: 0.3.2
Check: dependencies in R code
Result: NOTE
Namespace in Imports field not imported from: ‘here’
All declared Imports should be used.
Flavors: r-oldrel-macos-arm64, r-oldrel-macos-x86_64