CRAN Package Check Results for Package praise

Last updated on 2023-03-29 07:55:28 CEST.

Flavor Version Tinstall Tcheck Ttotal Status Flags
r-devel-linux-x86_64-debian-clang 1.0.0 1.79 25.51 27.30 NOTE
r-devel-linux-x86_64-debian-gcc 1.0.0 1.47 20.28 21.75 NOTE
r-devel-linux-x86_64-fedora-clang 1.0.0 35.11 NOTE
r-devel-linux-x86_64-fedora-gcc 1.0.0 32.78 NOTE
r-devel-windows-x86_64 1.0.0 12.00 0.00 12.00 NOTE
r-patched-linux-x86_64 1.0.0 1.86 25.45 27.31 NOTE
r-release-linux-x86_64 1.0.0 1.63 26.31 27.94 NOTE
r-release-macos-arm64 1.0.0 15.00 NOTE
r-release-macos-x86_64 1.0.0 23.00 NOTE
r-release-windows-x86_64 1.0.0 7.00 54.00 61.00 NOTE
r-oldrel-macos-arm64 1.0.0 19.00 NOTE
r-oldrel-macos-x86_64 1.0.0 30.00 NOTE
r-oldrel-windows-ix86+x86_64 1.0.0 5.00 55.00 60.00 NOTE

Check Details

Version: 1.0.0
Check: LazyData
Result: NOTE
     'LazyData' is specified without a 'data' directory
Flavors: r-devel-linux-x86_64-debian-clang, r-devel-linux-x86_64-debian-gcc, r-devel-linux-x86_64-fedora-clang, r-devel-linux-x86_64-fedora-gcc, r-devel-windows-x86_64, r-patched-linux-x86_64, r-release-linux-x86_64, r-release-macos-arm64, r-release-macos-x86_64, r-release-windows-x86_64, r-oldrel-macos-arm64, r-oldrel-macos-x86_64, r-oldrel-windows-ix86+x86_64