CRAN Package Check Results for Package ppcong

Last updated on 2023-01-29 08:57:09 CET.

Flavor Version Tinstall Tcheck Ttotal Status Flags
r-devel-linux-x86_64-debian-clang 0.0.2 2.35 24.38 26.73 NOTE
r-devel-linux-x86_64-debian-gcc 0.0.2 2.03 19.52 21.55 NOTE
r-devel-linux-x86_64-fedora-clang 0.0.2 34.93 NOTE
r-devel-linux-x86_64-fedora-gcc 0.0.2 33.14 NOTE
r-devel-windows-x86_64 0.0.2 18.00 56.00 74.00 NOTE
r-patched-linux-x86_64 0.0.2 2.68 25.03 27.71 NOTE
r-release-linux-x86_64 0.0.2 1.76 24.92 26.68 NOTE
r-release-macos-arm64 0.0.2 16.00 NOTE
r-release-macos-x86_64 0.0.2 23.00 NOTE
r-release-windows-x86_64 0.0.2 15.00 51.00 66.00 NOTE
r-oldrel-macos-arm64 0.0.2 21.00 NOTE
r-oldrel-macos-x86_64 0.0.2 26.00 NOTE
r-oldrel-windows-ix86+x86_64 0.0.2 10.00 51.00 61.00 NOTE

Check Details

Version: 0.0.2
Check: LazyData
Result: NOTE
     'LazyData' is specified without a 'data' directory
Flavors: r-devel-linux-x86_64-debian-clang, r-devel-linux-x86_64-debian-gcc, r-devel-linux-x86_64-fedora-clang, r-devel-linux-x86_64-fedora-gcc, r-devel-windows-x86_64, r-patched-linux-x86_64, r-release-linux-x86_64, r-release-macos-arm64, r-release-macos-x86_64, r-release-windows-x86_64, r-oldrel-macos-arm64, r-oldrel-macos-x86_64, r-oldrel-windows-ix86+x86_64