Last updated on 2023-01-29 08:57:09 CET.
Flavor | Version | Tinstall | Tcheck | Ttotal | Status | Flags |
---|---|---|---|---|---|---|
r-devel-linux-x86_64-debian-clang | 0.2.0 | 37.40 | 329.44 | 366.84 | NOTE | |
r-devel-linux-x86_64-debian-gcc | 0.2.0 | 28.17 | 237.84 | 266.01 | NOTE | |
r-devel-linux-x86_64-fedora-clang | 0.2.0 | 440.60 | NOTE | |||
r-devel-linux-x86_64-fedora-gcc | 0.2.0 | 443.90 | NOTE | |||
r-devel-windows-x86_64 | 0.2.0 | 51.00 | 323.00 | 374.00 | NOTE | |
r-patched-linux-x86_64 | 0.2.0 | 34.35 | 318.04 | 352.39 | NOTE | |
r-release-linux-x86_64 | 0.2.0 | 26.36 | 317.77 | 344.13 | NOTE | |
r-release-macos-arm64 | 0.2.0 | 111.00 | NOTE | |||
r-release-macos-x86_64 | 0.2.0 | 177.00 | NOTE | |||
r-release-windows-x86_64 | 0.2.0 | 53.00 | 305.00 | 358.00 | NOTE | |
r-oldrel-macos-arm64 | 0.2.0 | 82.00 | NOTE | |||
r-oldrel-macos-x86_64 | 0.2.0 | 90.00 | NOTE | |||
r-oldrel-windows-ix86+x86_64 | 0.2.0 | 80.00 | 335.00 | 415.00 | NOTE |
Version: 0.2.0
Check: LazyData
Result: NOTE
'LazyData' is specified without a 'data' directory
Flavors: r-devel-linux-x86_64-debian-clang, r-devel-linux-x86_64-debian-gcc, r-devel-linux-x86_64-fedora-clang, r-devel-linux-x86_64-fedora-gcc, r-devel-windows-x86_64, r-patched-linux-x86_64, r-release-linux-x86_64, r-release-macos-arm64, r-release-macos-x86_64, r-release-windows-x86_64, r-oldrel-macos-arm64, r-oldrel-macos-x86_64, r-oldrel-windows-ix86+x86_64