Last updated on 2023-02-02 06:55:02 CET.
Flavor | Version | Tinstall | Tcheck | Ttotal | Status | Flags |
---|---|---|---|---|---|---|
r-devel-linux-x86_64-debian-clang | 1.3.0 | 10.40 | 243.72 | 254.12 | OK | |
r-devel-linux-x86_64-debian-gcc | 1.3.0 | 9.08 | 168.32 | 177.40 | OK | |
r-devel-linux-x86_64-fedora-clang | 1.3.0 | 300.20 | NOTE | |||
r-devel-linux-x86_64-fedora-gcc | 1.3.0 | 302.62 | OK | |||
r-devel-windows-x86_64 | 1.3.0 | 45.00 | 289.00 | 334.00 | OK | |
r-patched-linux-x86_64 | 1.3.0 | 13.37 | 222.67 | 236.04 | OK | |
r-release-linux-x86_64 | 1.3.0 | 10.78 | 230.00 | 240.78 | OK | |
r-release-macos-arm64 | 1.3.0 | 103.00 | OK | |||
r-release-macos-x86_64 | 1.3.0 | 166.00 | OK | |||
r-release-windows-x86_64 | 1.3.0 | 48.00 | 292.00 | 340.00 | OK | |
r-oldrel-macos-arm64 | 1.3.0 | 107.00 | OK | |||
r-oldrel-macos-x86_64 | 1.3.0 | 115.00 | OK | |||
r-oldrel-windows-ix86+x86_64 | 1.3.0 | 24.00 | 109.00 | 133.00 | WARN |
Version: 1.3.0
Check: installed package size
Result: NOTE
installed size is 5.0Mb
sub-directories of 1Mb or more:
data 1.1Mb
doc 3.0Mb
Flavor: r-devel-linux-x86_64-fedora-clang
Version: 1.3.0
Check: re-building of vignette outputs
Result: WARN
Error(s) in re-building vignettes:
--- re-building 'Loading_and_manipulating.Rmd' using rmarkdown
Error: processing vignette 'Loading_and_manipulating.Rmd' failed with diagnostics:
Using anchor_sections requires Pandoc 2.0+
--- failed re-building 'Loading_and_manipulating.Rmd'
--- re-building 'full_pattern_summation.Rmd' using rmarkdown
Error: processing vignette 'full_pattern_summation.Rmd' failed with diagnostics:
Using anchor_sections requires Pandoc 2.0+
--- failed re-building 'full_pattern_summation.Rmd'
SUMMARY: processing the following files failed:
'Loading_and_manipulating.Rmd' 'full_pattern_summation.Rmd'
Error: Vignette re-building failed.
Execution halted
Flavor: r-oldrel-windows-ix86+x86_64