Last updated on 2023-03-30 06:53:24 CEST.
Flavor | Version | Tinstall | Tcheck | Ttotal | Status | Flags |
---|---|---|---|---|---|---|
r-devel-linux-x86_64-debian-clang | 0.2.3 | 2.51 | 21.33 | 23.84 | OK | |
r-devel-linux-x86_64-debian-gcc | 0.2.3 | 1.54 | 17.15 | 18.69 | OK | |
r-devel-linux-x86_64-fedora-clang | 0.2.3 | 30.76 | NOTE | |||
r-devel-linux-x86_64-fedora-gcc | 0.2.3 | 28.70 | OK | |||
r-devel-windows-x86_64 | 0.2.3 | 27.00 | 0.00 | 27.00 | OK | |
r-patched-linux-x86_64 | 0.2.3 | 2.53 | 20.68 | 23.21 | OK | |
r-release-linux-x86_64 | 0.2.3 | 2.08 | 22.79 | 24.87 | OK | |
r-release-macos-arm64 | 0.2.3 | 15.00 | OK | |||
r-release-macos-x86_64 | 0.2.3 | 21.00 | OK | |||
r-release-windows-x86_64 | 0.2.3 | 19.00 | 50.00 | 69.00 | OK | |
r-oldrel-macos-arm64 | 0.2.3 | 16.00 | OK | |||
r-oldrel-macos-x86_64 | 0.2.3 | 24.00 | OK | |||
r-oldrel-windows-ix86+x86_64 | 0.2.3 | 7.00 | 47.00 | 54.00 | OK |
Version: 0.2.3
Check: Rd cross-references
Result: NOTE
Undeclared package ‘bslib’ in Rd xrefs
Flavor: r-devel-linux-x86_64-fedora-clang