Last updated on 2023-12-03 08:50:18 CET.
Flavor | Version | Tinstall | Tcheck | Ttotal | Status | Flags |
---|---|---|---|---|---|---|
r-devel-linux-x86_64-debian-clang | 0.3.2 | 70.86 | 93.18 | 164.04 | NOTE | |
r-devel-linux-x86_64-debian-gcc | 0.3.2 | 49.60 | 71.27 | 120.87 | NOTE | |
r-devel-linux-x86_64-fedora-clang | 0.3.2 | 215.03 | NOTE | |||
r-devel-linux-x86_64-fedora-gcc | 0.3.2 | 219.12 | NOTE | |||
r-devel-windows-x86_64 | 0.3.2 | 50.00 | 103.00 | 153.00 | OK | |
r-patched-linux-x86_64 | 0.3.2 | 59.61 | 91.81 | 151.42 | NOTE | |
r-release-linux-x86_64 | 0.3.2 | 59.92 | 91.35 | 151.27 | NOTE | |
r-release-macos-arm64 | 0.3.2 | 56.00 | NOTE | |||
r-release-macos-x86_64 | 0.3.2 | 143.00 | NOTE | |||
r-release-windows-x86_64 | 0.3.2 | 66.00 | 127.00 | 193.00 | OK | |
r-oldrel-macos-arm64 | 0.3.2 | 54.00 | NOTE | |||
r-oldrel-macos-x86_64 | 0.3.2 | 88.00 | NOTE | |||
r-oldrel-windows-x86_64 | 0.3.2 | 59.00 | 124.00 | 183.00 | OK |
Version: 0.3.2
Check: package dependencies
Result: NOTE
Package suggested but not available for checking: ‘ragt2ridges’
Flavors: r-devel-linux-x86_64-debian-clang, r-devel-linux-x86_64-debian-gcc, r-devel-linux-x86_64-fedora-clang, r-devel-linux-x86_64-fedora-gcc, r-patched-linux-x86_64, r-release-linux-x86_64
Version: 0.3.2
Check: Rd cross-references
Result: NOTE
Unknown package ‘ragt2ridges’ in Rd xrefs
Flavors: r-devel-linux-x86_64-debian-clang, r-devel-linux-x86_64-debian-gcc, r-devel-linux-x86_64-fedora-clang, r-devel-linux-x86_64-fedora-gcc, r-patched-linux-x86_64, r-release-linux-x86_64
Version: 0.3.2
Check: installed package size
Result: NOTE
installed size is 6.4Mb
sub-directories of 1Mb or more:
libs 6.1Mb
Flavors: r-release-macos-arm64, r-release-macos-x86_64, r-oldrel-macos-arm64, r-oldrel-macos-x86_64