Last updated on 2023-02-07 07:54:10 CET.
Flavor | Version | Tinstall | Tcheck | Ttotal | Status | Flags |
---|---|---|---|---|---|---|
r-devel-linux-x86_64-debian-clang | 1.3-1 | 13.33 | 131.47 | 144.80 | OK | |
r-devel-linux-x86_64-debian-gcc | 1.3-1 | 11.73 | 94.80 | 106.53 | OK | |
r-devel-linux-x86_64-fedora-clang | 1.3-1 | 174.55 | NOTE | |||
r-devel-linux-x86_64-fedora-gcc | 1.3-1 | 192.94 | OK | |||
r-devel-windows-x86_64 | 1.3-1 | 60.00 | 170.00 | 230.00 | NOTE | |
r-patched-linux-x86_64 | 1.3-1 | 12.47 | 119.73 | 132.20 | OK | |
r-release-linux-x86_64 | 1.3-1 | 13.44 | 122.21 | 135.65 | OK | |
r-release-macos-arm64 | 1.3-1 | 52.00 | NOTE | |||
r-release-macos-x86_64 | 1.3-1 | 92.00 | NOTE | |||
r-release-windows-x86_64 | 1.3-1 | 50.00 | 172.00 | 222.00 | NOTE | |
r-oldrel-macos-arm64 | 1.3-1 | 72.00 | NOTE | |||
r-oldrel-macos-x86_64 | 1.3-1 | 72.00 | NOTE | |||
r-oldrel-windows-ix86+x86_64 | 1.3-1 | 27.00 | 154.00 | 181.00 | NOTE |
Version: 1.3-1
Check: installed package size
Result: NOTE
installed size is 5.4Mb
sub-directories of 1Mb or more:
doc 4.9Mb
Flavors: r-devel-linux-x86_64-fedora-clang, r-devel-windows-x86_64, r-release-macos-arm64, r-release-macos-x86_64, r-release-windows-x86_64, r-oldrel-macos-arm64, r-oldrel-macos-x86_64, r-oldrel-windows-ix86+x86_64