CRAN Package Check Results for Package popPyramid

Last updated on 2024-02-27 07:54:55 CET.

Flavor Version Tinstall Tcheck Ttotal Status Flags
r-devel-linux-x86_64-debian-clang 0.1.1 5.25 50.58 55.83 OK
r-devel-linux-x86_64-debian-gcc 0.1.1 4.47 38.69 43.16 OK
r-devel-linux-x86_64-fedora-clang 0.1.1 69.12 NOTE
r-devel-linux-x86_64-fedora-gcc 0.1.1 64.18 NOTE
r-devel-windows-x86_64 0.1.1 6.00 63.00 69.00 OK
r-patched-linux-x86_64 0.1.1 6.44 47.55 53.99 OK
r-release-linux-x86_64 0.1.1 4.93 48.67 53.60 OK
r-release-macos-arm64 0.1.1 26.00 OK
r-release-macos-x86_64 0.1.1 37.00 OK
r-release-windows-x86_64 0.1.1 8.00 69.00 77.00 OK
r-oldrel-macos-arm64 0.1.1 23.00 NOTE
r-oldrel-windows-x86_64 0.1.1 8.00 68.00 76.00 OK

Check Details

Version: 0.1.1
Check: dependencies in R code
Result: NOTE Namespace in Imports field not imported from: ‘tibble’ All declared Imports should be used. Flavors: r-devel-linux-x86_64-fedora-clang, r-devel-linux-x86_64-fedora-gcc, r-oldrel-macos-arm64