CRAN Package Check Results for Package popPyramid

Last updated on 2023-02-03 06:50:28 CET.

Flavor Version Tinstall Tcheck Ttotal Status Flags
r-devel-linux-x86_64-debian-clang 0.1.1 5.41 47.51 52.92 OK
r-devel-linux-x86_64-debian-gcc 0.1.1 4.26 35.96 40.22 OK
r-devel-linux-x86_64-fedora-clang 0.1.1 70.72 NOTE
r-devel-linux-x86_64-fedora-gcc 0.1.1 67.34 NOTE
r-patched-linux-x86_64 0.1.1 3.83 47.31 51.14 OK
r-release-linux-x86_64 0.1.1 6.02 45.98 52.00 OK
r-release-macos-arm64 0.1.1 23.00 NOTE
r-release-macos-x86_64 0.1.1 44.00 NOTE
r-release-windows-x86_64 0.1.1 12.00 90.00 102.00 OK
r-oldrel-macos-arm64 0.1.1 24.00 NOTE
r-oldrel-macos-x86_64 0.1.1 36.00 NOTE
r-oldrel-windows-ix86+x86_64 0.1.1 13.00 71.00 84.00 OK

Check Details

Version: 0.1.1
Check: dependencies in R code
Result: NOTE
    Namespace in Imports field not imported from: ‘tibble’
     All declared Imports should be used.
Flavors: r-devel-linux-x86_64-fedora-clang, r-devel-linux-x86_64-fedora-gcc, r-release-macos-arm64, r-release-macos-x86_64, r-oldrel-macos-arm64, r-oldrel-macos-x86_64