Last updated on 2023-01-29 08:57:09 CET.
Flavor | Version | Tinstall | Tcheck | Ttotal | Status | Flags |
---|---|---|---|---|---|---|
r-devel-linux-x86_64-debian-clang | 0.0.9 | 37.60 | 109.99 | 147.59 | OK | |
r-devel-linux-x86_64-debian-gcc | 0.0.9 | 31.32 | 80.77 | 112.09 | NOTE | |
r-devel-linux-x86_64-fedora-clang | 0.0.9 | 195.95 | NOTE | |||
r-devel-linux-x86_64-fedora-gcc | 0.0.9 | 209.01 | NOTE | |||
r-devel-windows-x86_64 | 0.0.9 | 80.00 | 172.00 | 252.00 | NOTE | |
r-patched-linux-x86_64 | 0.0.9 | 31.54 | 104.42 | 135.96 | OK | |
r-release-linux-x86_64 | 0.0.9 | 28.85 | 104.48 | 133.33 | OK | |
r-release-macos-arm64 | 0.0.9 | 55.00 | NOTE | |||
r-release-macos-x86_64 | 0.0.9 | 93.00 | NOTE | |||
r-release-windows-x86_64 | 0.0.9 | 64.00 | 166.00 | 230.00 | NOTE | |
r-oldrel-macos-arm64 | 0.0.9 | 58.00 | NOTE | |||
r-oldrel-macos-x86_64 | 0.0.9 | 70.00 | NOTE | |||
r-oldrel-windows-ix86+x86_64 | 0.0.9 | 93.00 | 198.00 | 291.00 | NOTE |
Version: 0.0.9
Check: C++ specification
Result: NOTE
Specified C++11: please update to current default of C++17
Flavors: r-devel-linux-x86_64-debian-gcc, r-devel-linux-x86_64-fedora-clang, r-devel-linux-x86_64-fedora-gcc, r-devel-windows-x86_64
Version: 0.0.9
Check: installed package size
Result: NOTE
installed size is 5.8Mb
sub-directories of 1Mb or more:
data 2.6Mb
doc 1.7Mb
libs 1.0Mb
Flavors: r-devel-windows-x86_64, r-release-macos-arm64, r-release-macos-x86_64, r-release-windows-x86_64, r-oldrel-macos-arm64, r-oldrel-macos-x86_64, r-oldrel-windows-ix86+x86_64