Last updated on 2023-05-30 08:02:26 CEST.
Flavor | Version | Tinstall | Tcheck | Ttotal | Status | Flags |
---|---|---|---|---|---|---|
r-devel-linux-x86_64-debian-clang | 0.8.8 | 28.00 | 364.53 | 392.53 | OK | |
r-devel-linux-x86_64-debian-gcc | 0.8.8 | 22.70 | 233.66 | 256.36 | OK | |
r-devel-linux-x86_64-fedora-clang | 0.8.8 | 432.53 | OK | |||
r-devel-linux-x86_64-fedora-gcc | 0.8.8 | 387.05 | OK | |||
r-devel-windows-x86_64 | 0.8.8 | 27.00 | 240.00 | 267.00 | OK | |
r-patched-linux-x86_64 | 0.8.8 | 25.40 | 292.17 | 317.57 | OK | |
r-release-linux-x86_64 | 0.8.8 | 22.24 | 284.65 | 306.89 | OK | |
r-release-macos-arm64 | 0.8.8 | 122.00 | NOTE | |||
r-release-macos-x86_64 | 0.8.8 | 200.00 | NOTE | |||
r-release-windows-x86_64 | 0.8.8 | 34.00 | 316.00 | 350.00 | OK | |
r-oldrel-macos-arm64 | 0.8.8 | 110.00 | NOTE | |||
r-oldrel-macos-x86_64 | 0.8.8 | 134.00 | OK | |||
r-oldrel-windows-x86_64 | 0.8.8 | 34.00 | 288.00 | 322.00 | OK |
Version: 0.8.8
Check: installed package size
Result: NOTE
installed size is 5.1Mb
sub-directories of 1Mb or more:
R 2.0Mb
extdata 1.8Mb
Flavors: r-release-macos-arm64, r-release-macos-x86_64, r-oldrel-macos-arm64