Last updated on 2023-12-06 07:50:24 CET.
Flavor | Version | Tinstall | Tcheck | Ttotal | Status | Flags |
---|---|---|---|---|---|---|
r-devel-linux-x86_64-debian-clang | 1.3 | 15.51 | 324.71 | 340.22 | NOTE | |
r-devel-linux-x86_64-debian-gcc | 1.3 | 11.93 | 223.79 | 235.72 | NOTE | |
r-devel-linux-x86_64-fedora-clang | 1.3 | 366.46 | NOTE | |||
r-devel-linux-x86_64-fedora-gcc | 1.3 | 342.77 | OK | |||
r-devel-windows-x86_64 | 1.3 | 14.00 | 201.00 | 215.00 | OK | |
r-patched-linux-x86_64 | 1.3 | 18.12 | 269.19 | 287.31 | OK | |
r-release-linux-x86_64 | 1.3 | 11.29 | 270.24 | 281.53 | OK | |
r-release-macos-arm64 | 1.3 | 80.00 | OK | |||
r-release-macos-x86_64 | 1.3 | 206.00 | OK | |||
r-release-windows-x86_64 | 1.3 | 18.00 | 262.00 | 280.00 | OK | |
r-oldrel-macos-arm64 | 1.3 | 88.00 | OK | |||
r-oldrel-macos-x86_64 | 1.3 | 122.00 | OK | |||
r-oldrel-windows-x86_64 | 1.3 | 18.00 | 254.00 | 272.00 | OK |
Version: 1.3
Check: Rd files
Result: NOTE
checkRd: (-1) nuisance_functions.Rd:18-19: Lost braces in \itemize; meant \describe ?
checkRd: (-1) policy.Rd:27: Lost braces in \itemize; meant \describe ?
checkRd: (-1) policy_data.Rd:124-125: Lost braces in \itemize; meant \describe ?
checkRd: (-1) policy_data.Rd:126: Lost braces in \itemize; meant \describe ?
checkRd: (-1) policy_data.Rd:127-128: Lost braces in \itemize; meant \describe ?
checkRd: (-1) policy_data.Rd:129: Lost braces in \itemize; meant \describe ?
checkRd: (-1) policy_data.Rd:130: Lost braces in \itemize; meant \describe ?
checkRd: (-1) policy_data.Rd:131: Lost braces in \itemize; meant \describe ?
checkRd: (-1) policy_data.Rd:132: Lost braces in \itemize; meant \describe ?
checkRd: (-1) policy_eval.Rd:193: Lost braces in \itemize; meant \describe ?
checkRd: (-1) policy_eval.Rd:194: Lost braces in \itemize; meant \describe ?
checkRd: (-1) policy_eval.Rd:195: Lost braces in \itemize; meant \describe ?
checkRd: (-1) policy_eval.Rd:196-197: Lost braces in \itemize; meant \describe ?
checkRd: (-1) policy_eval.Rd:198: Lost braces in \itemize; meant \describe ?
checkRd: (-1) policy_eval.Rd:199: Lost braces in \itemize; meant \describe ?
checkRd: (-1) policy_learn.Rd:129: Lost braces in \itemize; meant \describe ?
checkRd: (-1) policy_learn.Rd:130: Lost braces in \itemize; meant \describe ?
checkRd: (-1) policy_learn.Rd:131: Lost braces in \itemize; meant \describe ?
checkRd: (-1) policy_learn.Rd:132-133: Lost braces in \itemize; meant \describe ?
checkRd: (-1) policy_learn.Rd:134: Lost braces in \itemize; meant \describe ?
Flavors: r-devel-linux-x86_64-debian-clang, r-devel-linux-x86_64-debian-gcc
Version: 1.3
Check: Rd cross-references
Result: NOTE
Undeclared package ‘modelObj’ in Rd xrefs
Flavor: r-devel-linux-x86_64-fedora-clang