Last updated on 2023-01-29 08:57:09 CET.
Flavor | Version | Tinstall | Tcheck | Ttotal | Status | Flags |
---|---|---|---|---|---|---|
r-devel-linux-x86_64-debian-clang | 1.0.4 | 25.68 | 279.84 | 305.52 | OK | |
r-devel-linux-x86_64-debian-gcc | 1.0.4 | 20.08 | 205.89 | 225.97 | OK | |
r-devel-linux-x86_64-fedora-clang | 1.0.4 | 370.39 | NOTE | |||
r-devel-linux-x86_64-fedora-gcc | 1.0.4 | 380.37 | NOTE | |||
r-devel-windows-x86_64 | 1.0.4 | 64.00 | 714.00 | 778.00 | OK | |
r-patched-linux-x86_64 | 1.0.4 | 26.31 | 255.55 | 281.86 | OK | |
r-release-linux-x86_64 | 1.0.4 | 23.53 | 242.51 | 266.04 | OK | |
r-release-macos-arm64 | 1.0.4 | 107.00 | NOTE | |||
r-release-macos-x86_64 | 1.0.4 | 116.00 | NOTE | |||
r-release-windows-x86_64 | 1.0.4 | 67.00 | 672.00 | 739.00 | OK | |
r-oldrel-macos-arm64 | 1.0.4 | 103.00 | NOTE | |||
r-oldrel-macos-x86_64 | 1.0.4 | 121.00 | NOTE | |||
r-oldrel-windows-ix86+x86_64 | 1.0.4 | 42.00 | 674.00 | 716.00 | OK |
Version: 1.0.4
Check: dependencies in R code
Result: NOTE
Namespaces in Imports field not imported from:
‘abc’ ‘doParallel’ ‘gdistance’ ‘geosphere’ ‘lhs’ ‘metRology’ ‘raster’
‘trend’
All declared Imports should be used.
Flavors: r-devel-linux-x86_64-fedora-clang, r-devel-linux-x86_64-fedora-gcc, r-release-macos-arm64, r-release-macos-x86_64, r-oldrel-macos-arm64, r-oldrel-macos-x86_64