Last updated on 2023-02-06 06:52:05 CET.
Flavor | Version | Tinstall | Tcheck | Ttotal | Status | Flags |
---|---|---|---|---|---|---|
r-devel-linux-x86_64-debian-clang | 1.0.0 | 1.86 | 71.86 | 73.72 | NOTE | |
r-devel-linux-x86_64-debian-gcc | 1.0.0 | 1.55 | 52.10 | 53.65 | NOTE | |
r-devel-linux-x86_64-fedora-clang | 1.0.0 | 88.76 | NOTE | |||
r-devel-linux-x86_64-fedora-gcc | 1.0.0 | 104.72 | NOTE | |||
r-devel-windows-x86_64 | 1.0.0 | 22.00 | 116.00 | 138.00 | NOTE | |
r-patched-linux-x86_64 | 1.0.0 | 2.06 | 69.50 | 71.56 | NOTE | |
r-release-linux-x86_64 | 1.0.0 | 2.16 | 67.33 | 69.49 | NOTE | |
r-release-macos-arm64 | 1.0.0 | 30.00 | NOTE | |||
r-release-macos-x86_64 | 1.0.0 | 41.00 | NOTE | |||
r-release-windows-x86_64 | 1.0.0 | 16.00 | 115.00 | 131.00 | NOTE | |
r-oldrel-macos-arm64 | 1.0.0 | 31.00 | NOTE | |||
r-oldrel-macos-x86_64 | 1.0.0 | 56.00 | NOTE | |||
r-oldrel-windows-ix86+x86_64 | 1.0.0 | 5.00 | 98.00 | 103.00 | NOTE |
Version: 1.0.0
Check: LazyData
Result: NOTE
'LazyData' is specified without a 'data' directory
Flavors: r-devel-linux-x86_64-debian-clang, r-devel-linux-x86_64-debian-gcc, r-devel-linux-x86_64-fedora-clang, r-devel-linux-x86_64-fedora-gcc, r-devel-windows-x86_64, r-patched-linux-x86_64, r-release-linux-x86_64, r-release-macos-arm64, r-release-macos-x86_64, r-release-windows-x86_64, r-oldrel-macos-arm64, r-oldrel-macos-x86_64, r-oldrel-windows-ix86+x86_64