CRAN Package Check Results for Package plusser

Last updated on 2023-02-02 06:55:01 CET.

Flavor Version Tinstall Tcheck Ttotal Status Flags
r-devel-linux-x86_64-debian-clang 0.4-0 5.50 43.17 48.67 NOTE
r-devel-linux-x86_64-debian-gcc 0.4-0 3.75 33.17 36.92 NOTE
r-devel-linux-x86_64-fedora-clang 0.4-0 62.03 NOTE
r-devel-linux-x86_64-fedora-gcc 0.4-0 62.13 NOTE
r-devel-windows-x86_64 0.4-0 20.00 73.00 93.00 NOTE
r-patched-linux-x86_64 0.4-0 5.58 42.33 47.91 NOTE
r-release-linux-x86_64 0.4-0 4.99 43.21 48.20 NOTE
r-release-macos-arm64 0.4-0 19.00 NOTE
r-release-macos-x86_64 0.4-0 31.00 NOTE
r-release-windows-x86_64 0.4-0 15.00 77.00 92.00 NOTE
r-oldrel-macos-arm64 0.4-0 24.00 NOTE
r-oldrel-macos-x86_64 0.4-0 39.00 NOTE
r-oldrel-windows-ix86+x86_64 0.4-0 11.00 64.00 75.00 NOTE

Check Details

Version: 0.4-0
Check: LazyData
Result: NOTE
     'LazyData' is specified without a 'data' directory
Flavors: r-devel-linux-x86_64-debian-clang, r-devel-linux-x86_64-debian-gcc, r-devel-linux-x86_64-fedora-clang, r-devel-linux-x86_64-fedora-gcc, r-devel-windows-x86_64, r-patched-linux-x86_64, r-release-linux-x86_64, r-release-macos-arm64, r-release-macos-x86_64, r-release-windows-x86_64, r-oldrel-macos-arm64, r-oldrel-macos-x86_64, r-oldrel-windows-ix86+x86_64