Last updated on 2023-02-04 08:01:24 CET.
Flavor | Version | Tinstall | Tcheck | Ttotal | Status | Flags |
---|---|---|---|---|---|---|
r-devel-linux-x86_64-debian-clang | 2.0.1 | 3.23 | 47.64 | 50.87 | OK | |
r-devel-linux-x86_64-debian-gcc | 2.0.1 | 2.19 | 36.45 | 38.64 | OK | |
r-devel-linux-x86_64-fedora-clang | 2.0.1 | 64.36 | NOTE | |||
r-devel-linux-x86_64-fedora-gcc | 2.0.1 | 72.66 | OK | |||
r-devel-windows-x86_64 | 2.0.1 | 17.00 | 86.00 | 103.00 | OK | |
r-patched-linux-x86_64 | 2.0.1 | 4.12 | 45.79 | 49.91 | OK | |
r-release-linux-x86_64 | 2.0.1 | 3.34 | 45.97 | 49.31 | OK | |
r-release-macos-arm64 | 2.0.1 | 28.00 | OK | |||
r-release-macos-x86_64 | 2.0.1 | 35.00 | OK | |||
r-release-windows-x86_64 | 2.0.1 | 18.00 | 92.00 | 110.00 | OK | |
r-oldrel-macos-arm64 | 2.0.1 | 31.00 | OK | |||
r-oldrel-macos-x86_64 | 2.0.1 | 42.00 | OK | |||
r-oldrel-windows-ix86+x86_64 | 2.0.1 | 8.00 | 79.00 | 87.00 | OK |
Version: 2.0.1
Check: Rd cross-references
Result: NOTE
Undeclared package ‘scape’ in Rd xrefs
Flavor: r-devel-linux-x86_64-fedora-clang