Last updated on 2023-01-28 08:00:42 CET.
Flavor | Version | Tinstall | Tcheck | Ttotal | Status | Flags |
---|---|---|---|---|---|---|
r-devel-linux-x86_64-debian-clang | 0.1.0 | 9.63 | 65.03 | 74.66 | OK | |
r-devel-linux-x86_64-debian-gcc | 0.1.0 | 7.05 | 49.67 | 56.72 | OK | |
r-devel-linux-x86_64-fedora-clang | 0.1.0 | 93.21 | NOTE | |||
r-devel-linux-x86_64-fedora-gcc | 0.1.0 | 87.39 | NOTE | |||
r-patched-linux-x86_64 | 0.1.0 | 7.73 | 64.69 | 72.42 | OK | |
r-release-linux-x86_64 | 0.1.0 | 5.82 | 65.47 | 71.29 | OK | |
r-release-macos-arm64 | 0.1.0 | 30.00 | NOTE | |||
r-release-macos-x86_64 | 0.1.0 | 51.00 | NOTE | |||
r-release-windows-x86_64 | 0.1.0 | 26.00 | 97.00 | 123.00 | OK | |
r-oldrel-macos-arm64 | 0.1.0 | 30.00 | NOTE | |||
r-oldrel-macos-x86_64 | 0.1.0 | 41.00 | NOTE | |||
r-oldrel-windows-ix86+x86_64 | 0.1.0 | 23.00 | 93.00 | 116.00 | OK |
Version: 0.1.0
Check: dependencies in R code
Result: NOTE
Namespace in Imports field not imported from: ‘mapproj’
All declared Imports should be used.
Flavors: r-devel-linux-x86_64-fedora-clang, r-devel-linux-x86_64-fedora-gcc, r-release-macos-arm64, r-release-macos-x86_64, r-oldrel-macos-arm64, r-oldrel-macos-x86_64
Version: 0.1.0
Check: data for non-ASCII characters
Result: NOTE
Note: found 12992 marked UTF-8 strings
Flavors: r-devel-linux-x86_64-fedora-clang, r-devel-linux-x86_64-fedora-gcc, r-release-macos-arm64, r-release-macos-x86_64, r-oldrel-macos-arm64, r-oldrel-macos-x86_64