Last updated on 2023-10-04 07:03:12 CEST.
Flavor | Version | Tinstall | Tcheck | Ttotal | Status | Flags |
---|---|---|---|---|---|---|
r-devel-linux-x86_64-debian-clang | 1.2.3 | 7.22 | 74.70 | 81.92 | OK | |
r-devel-linux-x86_64-debian-gcc | 1.2.3 | 5.81 | 55.79 | 61.60 | OK | |
r-devel-linux-x86_64-fedora-clang | 1.2.3 | 102.50 | OK | |||
r-devel-linux-x86_64-fedora-gcc | 1.2.3 | 109.62 | OK | |||
r-devel-windows-x86_64 | 1.2.3 | 9.00 | 76.00 | 85.00 | OK | |
r-patched-linux-x86_64 | 1.2.3 | 6.80 | 71.48 | 78.28 | OK | |
r-release-linux-x86_64 | 1.2.3 | 6.55 | 71.82 | 78.37 | OK | |
r-release-macos-arm64 | 1.2.3 | 40.00 | OK | |||
r-release-macos-x86_64 | 1.2.3 | 59.00 | NOTE | |||
r-release-windows-x86_64 | 1.2.3 | 10.00 | 84.00 | 94.00 | OK | |
r-oldrel-macos-arm64 | 1.2.3 | 34.00 | OK | |||
r-oldrel-macos-x86_64 | 1.2.3 | 48.00 | OK | |||
r-oldrel-windows-x86_64 | 1.2.3 | 11.00 | 89.00 | 100.00 | OK |
Version: 1.2.3
Check: package dependencies
Result: NOTE
Package suggested but not available for checking: ‘httk’
Flavor: r-release-macos-x86_64